{"id":1590,"date":"2017-12-06T14:16:39","date_gmt":"2017-12-06T13:16:39","guid":{"rendered":"http:\/\/przyjaznadolinaraby.info\/2014-2020\/?page_id=1590"},"modified":"2022-09-13T23:22:55","modified_gmt":"2022-09-13T21:22:55","slug":"2017-2","status":"publish","type":"page","link":"https:\/\/przyjaznadolinaraby.info\/2014-2020\/2017-2\/","title":{"rendered":"2017"},"content":{"rendered":"<p><strong><a href=\"http:\/\/przyjaznadolinaraby.info\/2014-2020\/2017\/04\/19\/nabor-nr-12017-podejmowanie-dzialalnosci-gospodarczej\/\">Nab\u00f3r nr 1\/2017 \u2013 podejmowanie dzia\u0142alno\u015bci gospodarczej<\/a><\/strong><\/p>\n<p>Protoko\u0142y z Rad:<\/p>\n<p><a href=\"http:\/\/przyjaznadolinaraby.info\/2014-2020\/wp-content\/uploads\/2017\/06\/protokol-nr-3-2017.pdf\">Protok\u00f3\u0142 nr III\/2017<\/a><\/p>\n<p>Listy:<\/p>\n<p><a href=\"http:\/\/przyjaznadolinaraby.info\/2014-2020\/wp-content\/uploads\/2017\/06\/lista-operacji-zgodnych-z-og\u0142oszeniem-o-naborze-i-zgodnych-z-LSR-1-2017.pdf\">Lista operacji zgodnych z og\u0142oszeniem o naborze i zgodnych z LSR nab\u00f3r nr 1\/2017 podejmowanie dzia\u0142alno\u015bci gospodarczej<\/a><\/p>\n<p><a href=\"http:\/\/przyjaznadolinaraby.info\/2014-2020\/wp-content\/uploads\/2017\/06\/lista-operacji-wybranych-nab\u00f3r-nr-1-2017-1.pdf\">Lista operacji wybranych, nab\u00f3r nr 1\/2017 podejmowanie dzia\u0142alno\u015bci gospodarczej<\/a><\/p>\n<p>&nbsp;<\/p>\n<p><strong><a href=\"http:\/\/przyjaznadolinaraby.info\/2014-2020\/2017\/04\/19\/nabor-nr-22017-rozwijanie-dzialalnosci-gospodarczej\/\">Nab\u00f3r nr 2\/2017- rozwijanie dzia\u0142alno\u015bci gospodarczej <\/a><\/strong><\/p>\n<p>Protoko\u0142y z Rad:<\/p>\n<p><a href=\"http:\/\/przyjaznadolinaraby.info\/2014-2020\/wp-content\/uploads\/2017\/06\/protokol-nr-4-2017.pdf\">Protok\u00f3\u0142 nr IV\/2017<\/a><\/p>\n<p>Listy:<\/p>\n<p><a href=\"http:\/\/przyjaznadolinaraby.info\/2014-2020\/wp-content\/uploads\/2017\/06\/lista-operacji-zgodnych-z-ogloszeniem-o-naborze-2-2017.pdf\">Lista operacji zgodnych z og\u0142oszeniem o naborze i zgodnych z LSR nab\u00f3r nr 2\/2017 rozwijanie dzia\u0142alno\u015bci gospodarczej<\/a><\/p>\n<p><a href=\"http:\/\/przyjaznadolinaraby.info\/2014-2020\/wp-content\/uploads\/2017\/06\/lista-operacji-wybranych-2-2017.pdf\">Lista operacji wybranych, nab\u00f3r nr 2\/2017 rozwijanie dzia\u0142alno\u015bci gospodarczej<\/a><\/p>\n<p>&nbsp;<\/p>\n<p><strong><a href=\"http:\/\/przyjaznadolinaraby.info\/2014-2020\/2017\/04\/19\/nabor-nr-32017-rozwijanie-dzialalnosci-gospodarczej-poprzez-zastosowanie-nowych-technologii-przyjaznych-srodowisku\/\">Nab\u00f3r nr 3\/2017- rozwijanie dzia\u0142alno\u015bci gospodarczej poprzez zastosowanie nowych technologii przyjaznych \u015brodowisku <\/a><\/strong><\/p>\n<p>Protoko\u0142y z Rad:<\/p>\n<p><a href=\"http:\/\/przyjaznadolinaraby.info\/2014-2020\/wp-content\/uploads\/2017\/06\/protokol-nr-5-2017.pdf\">Protok\u00f3\u0142 nr V\/2017<\/a><\/p>\n<p>Listy:<\/p>\n<p><a href=\"http:\/\/przyjaznadolinaraby.info\/2014-2020\/wp-content\/uploads\/2017\/06\/3-zgodne.pdf\">Lista operacji zgodnych z og\u0142oszeniem o naborze i zgodnych z LSR nab\u00f3r nr 2\/2017 rozwijanie dzia\u0142alno\u015bci gospodarczej poprzez zastosowanie nowych technologii przyjaznych \u015brodowisku<\/a><\/p>\n<p><a href=\"http:\/\/przyjaznadolinaraby.info\/2014-2020\/wp-content\/uploads\/2017\/06\/3-wybrane.pdf\">Lista operacji wybranych, nab\u00f3r nr 2\/2017 rozwijanie dzia\u0142alno\u015bci gospodarczej poprzez zastosowanie nowych technologii przyjaznych \u015brodowisku<\/a><\/p>\n<p>&nbsp;<\/p>\n<p><strong><a href=\"http:\/\/przyjaznadolinaraby.info\/2014-2020\/2017\/04\/19\/nabor-nr-42017-rozwijanie-dzialalnosci-gospodarczej-poprzez-operacje-ukierunkowane-na-innowacje\/\">Nab\u00f3r nr 4\/2017- rozwijanie dzia\u0142alno\u015bci gospodarczej poprzez operacje ukierunkowane na innowacje 19 kwietnia 2017<\/a><\/strong><\/p>\n<p>Protoko\u0142y z Rad:<\/p>\n<p><a href=\"http:\/\/przyjaznadolinaraby.info\/2014-2020\/wp-content\/uploads\/2017\/06\/protokol-nr-5-2017.pdf\">Protok\u00f3\u0142 nr V\/2017<\/a><\/p>\n<p>Listy:<\/p>\n<p><a href=\"http:\/\/przyjaznadolinaraby.info\/2014-2020\/wp-content\/uploads\/2017\/06\/4-zgodne.pdf\">Lista operacji zgodnych z og\u0142oszeniem o naborze i zgodnych z LSR nab\u00f3r nr 2\/2017 <\/a><u>rozwijanie dzia\u0142alno\u015bci gospodarczej poprzez operacje ukierunkowane na innowacje<\/u><\/p>\n<p><a href=\"http:\/\/przyjaznadolinaraby.info\/2014-2020\/wp-content\/uploads\/2017\/06\/4-wybrane.pdf\">Lista operacji wybranych, nab\u00f3r nr 2\/2017 rozwijanie dzia\u0142alno\u015bci gospodarczej poprzez operacje ukierunkowane na innowacje<\/a><\/p>\n<p>&nbsp;<\/p>\n<p><strong>Protesty\u00a0 i wyja\u015bnienia protoko\u0142y:<\/strong><\/p>\n<ul>\n<li>\n<p class=\"entry-title\">Stanowisko Rady w\/s z\u0142o\u017conych protest\u00f3w do naboru 1\/2017, 2\/2017 i 4\/2017.<\/p>\n<\/li>\n<\/ul>\n<p><a href=\"http:\/\/przyjaznadolinaraby.info\/2014-2020\/wp-content\/uploads\/2017\/07\/protesty-protokol.pdf\">Protok\u00f3\u0142 Nr VI\/2017<\/a><\/p>\n<ul>\n<li class=\"entry-title\">Wyja\u015bnienia Rady Stowarzyszenia Przyjazna Dolina Raby i Czarnej Orawy w sprawie nabor\u00f3w 1,2 i 4 ponowna ocena wniosk\u00f3w po uwzgl\u0119dnieniu protest\u00f3w przez SWM.<\/li>\n<\/ul>\n<div class=\"entry-meta\"><a href=\"http:\/\/przyjaznadolinaraby.info\/2014-2020\/wp-content\/uploads\/2017\/08\/protokol-7-2017.pdf\">Protok\u00f3\u0142 Nr VII\/2017<\/a><\/div>\n<div class=\"entry-content\">\n<p><a href=\"http:\/\/przyjaznadolinaraby.info\/2014-2020\/wp-content\/uploads\/2017\/08\/lista-wybrane-nabor-2.pdf\">Lista operacji wybranych do finansowania w ramach naboru 2\/2017-z uchwa\u0142y nr VII\/115\/17<\/a><\/p>\n<p><a href=\"http:\/\/przyjaznadolinaraby.info\/2014-2020\/wp-content\/uploads\/2017\/08\/lista-wybranych-po-protescie.pdf\">Lista operacji wybranych do finansowania w ramach naboru 2\/2017 po uwzgl\u0119dnieniu protestu-z uchwa\u0142y nr VII\/117\/17<\/a><\/p>\n<p><a href=\"http:\/\/przyjaznadolinaraby.info\/2014-2020\/wp-content\/uploads\/2017\/08\/lista-techniczna.pdf\">Lista techniczna \u2013 po uwzgl\u0119dnieniu protestu<\/a><\/p>\n<ul>\n<li>Ponowna weryfikacja operacji na wniosek SWM w zwi\u0105zku z pozytywnym rozpatrzeniem protest\u00f3w przez SW<\/li>\n<\/ul>\n<p><a href=\"http:\/\/przyjaznadolinaraby.info\/2014-2020\/wp-content\/uploads\/2017\/12\/protok\u00f3\u0142-nr-8.pdf\">Protok\u00f3\u0142 nr VIII\/2017<\/a><\/p>\n<\/div>\n<ul>\n<li class=\"entry-title\">Wyja\u015bnienia Rady Stowarzyszenia Przyjazna Dolina Raby i Czarnej Orawy w sprawie naboru nr 2 i zaopiniowanie wniosku o zmian\u0119 umowy przyznania pomocy<\/li>\n<\/ul>\n<div class=\"entry-meta\"><a href=\"http:\/\/przyjaznadolinaraby.info\/2014-2020\/wp-content\/uploads\/2017\/10\/Protok\u00f3\u0142-nr-IX-2017.pdf\">Protok\u00f3\u0142 nr IX 2017<\/a><\/div>\n<ul>\n<li>\u00a0Zaopiniowanie przez Rad\u0119 wniosku beneficjenta o zmian\u0119 umowy przyznania pomocy<\/li>\n<\/ul>\n<p><a href=\"http:\/\/przyjaznadolinaraby.info\/2014-2020\/wp-content\/uploads\/2017\/12\/protok\u00f3\u0142-10.pdf\">Protok\u00f3\u0142 nr X\/2017<\/a><\/p>\n<p>&nbsp;<\/p>\n<p><strong><a href=\"http:\/\/przyjaznadolinaraby.info\/2014-2020\/2017\/12\/15\/72018g-granty-promowania-obszaru-objetego-lsr-w-tym-produktow-lub-uslug-lokalnych-wydarzenia-rekreacyjno-sportowe\/\">Nab\u00f3r nr 7\/2017 <\/a><\/strong><\/p>\n<p><a href=\"https:\/\/drive.google.com\/open?id=1TQZzT3m1C6blL7iJPFISbBTpc7vPdSL4\">Protok\u00f3\u0142 nr XI\/2018<\/a><\/p>\n<p>Listy:<\/p>\n<p><a href=\"https:\/\/drive.google.com\/open?id=1TkAAMupqisnDFiektwnUEA7T8hOwKBus\">Lista operacji zgodnych z og\u0142oszeniem o naborze i zgodnych z LSR nab\u00f3r nr 7\/2017<\/a><\/p>\n<p><a href=\"https:\/\/drive.google.com\/open?id=1hdb_ZjdqUfuyAtm4vHvPAMMSyX-I7c3s\">Lista operacji wybranych, nab\u00f3r nr 7\/2017<\/a><\/p>\n<div><\/div>\n<p>&nbsp;<\/p>\n<p>&nbsp;<\/p>\n<p>&nbsp;<\/p>\n","protected":false},"excerpt":{"rendered":"<p>Nab\u00f3r nr 1\/2017 \u2013 podejmowanie dzia\u0142alno\u015bci gospodarczej Protoko\u0142y z Rad: Protok\u00f3\u0142 nr III\/2017 Listy: Lista operacji zgodnych z og\u0142oszeniem o naborze i zgodnych z LSR nab\u00f3r nr 1\/2017 podejmowanie dzia\u0142alno\u015bci gospodarczej Lista operacji wybranych, nab\u00f3r nr 1\/2017 podejmowanie dzia\u0142alno\u015bci gospodarczej &nbsp; Nab\u00f3r nr 2\/2017- rozwijanie dzia\u0142alno\u015bci gospodarczej Protoko\u0142y z Rad: Protok\u00f3\u0142 nr IV\/2017 Listy: Lista <a href=\"https:\/\/przyjaznadolinaraby.info\/2014-2020\/2017-2\/\" class=\"more-link\">&#8230;<span class=\"screen-reader-text\">  2017<\/span><\/a><\/p>\n","protected":false},"author":6,"featured_media":0,"parent":0,"menu_order":0,"comment_status":"closed","ping_status":"closed","template":"","meta":{"_monsterinsights_skip_tracking":false,"_monsterinsights_sitenote_active":false,"_monsterinsights_sitenote_note":"","_monsterinsights_sitenote_category":0,"footnotes":""},"tags":[],"acf":[],"_links":{"self":[{"href":"https:\/\/przyjaznadolinaraby.info\/2014-2020\/wp-json\/wp\/v2\/pages\/1590"}],"collection":[{"href":"https:\/\/przyjaznadolinaraby.info\/2014-2020\/wp-json\/wp\/v2\/pages"}],"about":[{"href":"https:\/\/przyjaznadolinaraby.info\/2014-2020\/wp-json\/wp\/v2\/types\/page"}],"author":[{"embeddable":true,"href":"https:\/\/przyjaznadolinaraby.info\/2014-2020\/wp-json\/wp\/v2\/users\/6"}],"replies":[{"embeddable":true,"href":"https:\/\/przyjaznadolinaraby.info\/2014-2020\/wp-json\/wp\/v2\/comments?post=1590"}],"version-history":[{"count":1,"href":"https:\/\/przyjaznadolinaraby.info\/2014-2020\/wp-json\/wp\/v2\/pages\/1590\/revisions"}],"predecessor-version":[{"id":9973,"href":"https:\/\/przyjaznadolinaraby.info\/2014-2020\/wp-json\/wp\/v2\/pages\/1590\/revisions\/9973"}],"wp:attachment":[{"href":"https:\/\/przyjaznadolinaraby.info\/2014-2020\/wp-json\/wp\/v2\/media?parent=1590"}],"wp:term":[{"taxonomy":"post_tag","embeddable":true,"href":"https:\/\/przyjaznadolinaraby.info\/2014-2020\/wp-json\/wp\/v2\/tags?post=1590"}],"curies":[{"name":"wp","href":"https:\/\/api.w.org\/{rel}","templated":true}]}}