{"id":5020,"date":"2020-07-13T08:58:19","date_gmt":"2020-07-13T06:58:19","guid":{"rendered":"http:\/\/przyjaznadolinaraby.info\/2014-2020\/?page_id=5020"},"modified":"2020-07-13T08:58:22","modified_gmt":"2020-07-13T06:58:22","slug":"inne-operacje","status":"publish","type":"page","link":"https:\/\/przyjaznadolinaraby.info\/2014-2020\/inne-operacje\/","title":{"rendered":"Inne operacje"},"content":{"rendered":"\n<p>W ramach \u201eEuropejskiego Funduszu Rolnego na rzecz Rozwoju Obszar\u00f3w Wiejskich: Europa inwestuj\u0105ca w obszary wiejskie\u201d. Operacje polegaj\u0105ce na budowie urz\u0105dze\u0144 si\u0142owni zewn\u0119trznych jako obiekty ma\u0142ej infrastruktury maja na celu popraw\u0119 infrastruktury spo\u0142ecznej, kt\u00f3re b\u0119d\u0105 s\u0142u\u017cy\u0107 mieszka\u0144com w celu rozwijania aktywno\u015bci fizycznej oraz zdrowego tryby \u017cycia. Si\u0142ownie zewn\u0119trzne powsta\u0142y w miejscowo\u015bci Raba Wy\u017cna, Chy\u017cne, Jab\u0142onka, Orawka, Zubrzyca G\u00f3rna, Lipnica Wielka.<\/p>\n\n\n\n<p><strong>Si\u0142ownia zewn\u0119trzna w Rabie Wy\u017cnej.<\/strong><\/p>\n\n\n\n<figure class=\"wp-block-image\"><img decoding=\"async\" width=\"1000\" height=\"667\" src=\"http:\/\/przyjaznadolinaraby.info\/2014-2020\/wp-content\/uploads\/2020\/07\/IMG_3638.jpg\" alt=\"\" class=\"wp-image-5021\" srcset=\"https:\/\/przyjaznadolinaraby.info\/2014-2020\/wp-content\/uploads\/2020\/07\/IMG_3638.jpg 1000w, https:\/\/przyjaznadolinaraby.info\/2014-2020\/wp-content\/uploads\/2020\/07\/IMG_3638-300x200.jpg 300w\" sizes=\"(max-width: 1000px) 100vw, 1000px\" \/><\/figure>\n\n\n\n<p><strong>Si\u0142ownia zewn\u0119trzna w miejscowo\u015bci Chy\u017cne.<\/strong><\/p>\n\n\n\n<figure class=\"wp-block-image\"><img decoding=\"async\" width=\"1000\" height=\"666\" src=\"http:\/\/przyjaznadolinaraby.info\/2014-2020\/wp-content\/uploads\/2020\/07\/IMG_3627.jpg\" alt=\"\" class=\"wp-image-5022\" srcset=\"https:\/\/przyjaznadolinaraby.info\/2014-2020\/wp-content\/uploads\/2020\/07\/IMG_3627.jpg 1000w, https:\/\/przyjaznadolinaraby.info\/2014-2020\/wp-content\/uploads\/2020\/07\/IMG_3627-300x200.jpg 300w\" sizes=\"(max-width: 1000px) 100vw, 1000px\" \/><\/figure>\n\n\n\n<p><strong>Si\u0142ownia zewn\u0119trzna w miejscowo\u015bci Orawka<\/strong><\/p>\n\n\n\n<figure class=\"wp-block-image\"><img decoding=\"async\" width=\"1000\" height=\"667\" src=\"http:\/\/przyjaznadolinaraby.info\/2014-2020\/wp-content\/uploads\/2020\/07\/IMG_3580.jpg\" alt=\"\" class=\"wp-image-5023\" srcset=\"https:\/\/przyjaznadolinaraby.info\/2014-2020\/wp-content\/uploads\/2020\/07\/IMG_3580.jpg 1000w, https:\/\/przyjaznadolinaraby.info\/2014-2020\/wp-content\/uploads\/2020\/07\/IMG_3580-300x200.jpg 300w\" sizes=\"(max-width: 1000px) 100vw, 1000px\" \/><\/figure>\n\n\n\n<p><strong>Rokiciny Podhala\u0144skie wiaty stadionowe<\/strong><\/p>\n\n\n\n<figure class=\"wp-block-image\"><img decoding=\"async\" width=\"1000\" height=\"667\" src=\"http:\/\/przyjaznadolinaraby.info\/2014-2020\/wp-content\/uploads\/2020\/07\/IMG_3676.jpg\" alt=\"\" class=\"wp-image-5024\" srcset=\"https:\/\/przyjaznadolinaraby.info\/2014-2020\/wp-content\/uploads\/2020\/07\/IMG_3676.jpg 1000w, https:\/\/przyjaznadolinaraby.info\/2014-2020\/wp-content\/uploads\/2020\/07\/IMG_3676-300x200.jpg 300w\" sizes=\"(max-width: 1000px) 100vw, 1000px\" \/><\/figure>\n","protected":false},"excerpt":{"rendered":"<p>W ramach \u201eEuropejskiego Funduszu Rolnego na rzecz Rozwoju Obszar\u00f3w Wiejskich: Europa inwestuj\u0105ca w obszary wiejskie\u201d. Operacje polegaj\u0105ce na budowie urz\u0105dze\u0144 si\u0142owni zewn\u0119trznych jako obiekty ma\u0142ej infrastruktury maja na celu popraw\u0119 infrastruktury spo\u0142ecznej, kt\u00f3re b\u0119d\u0105 s\u0142u\u017cy\u0107 mieszka\u0144com w celu rozwijania aktywno\u015bci fizycznej oraz zdrowego tryby \u017cycia. Si\u0142ownie zewn\u0119trzne powsta\u0142y w miejscowo\u015bci Raba Wy\u017cna, Chy\u017cne, Jab\u0142onka, Orawka, <a href=\"https:\/\/przyjaznadolinaraby.info\/2014-2020\/inne-operacje\/\" class=\"more-link\">&#8230;<span class=\"screen-reader-text\">  Inne operacje<\/span><\/a><\/p>\n","protected":false},"author":6,"featured_media":0,"parent":0,"menu_order":0,"comment_status":"closed","ping_status":"closed","template":"","meta":{"_monsterinsights_skip_tracking":false,"_monsterinsights_sitenote_active":false,"_monsterinsights_sitenote_note":"","_monsterinsights_sitenote_category":0,"footnotes":""},"tags":[],"acf":[],"_links":{"self":[{"href":"https:\/\/przyjaznadolinaraby.info\/2014-2020\/wp-json\/wp\/v2\/pages\/5020"}],"collection":[{"href":"https:\/\/przyjaznadolinaraby.info\/2014-2020\/wp-json\/wp\/v2\/pages"}],"about":[{"href":"https:\/\/przyjaznadolinaraby.info\/2014-2020\/wp-json\/wp\/v2\/types\/page"}],"author":[{"embeddable":true,"href":"https:\/\/przyjaznadolinaraby.info\/2014-2020\/wp-json\/wp\/v2\/users\/6"}],"replies":[{"embeddable":true,"href":"https:\/\/przyjaznadolinaraby.info\/2014-2020\/wp-json\/wp\/v2\/comments?post=5020"}],"version-history":[{"count":0,"href":"https:\/\/przyjaznadolinaraby.info\/2014-2020\/wp-json\/wp\/v2\/pages\/5020\/revisions"}],"wp:attachment":[{"href":"https:\/\/przyjaznadolinaraby.info\/2014-2020\/wp-json\/wp\/v2\/media?parent=5020"}],"wp:term":[{"taxonomy":"post_tag","embeddable":true,"href":"https:\/\/przyjaznadolinaraby.info\/2014-2020\/wp-json\/wp\/v2\/tags?post=5020"}],"curies":[{"name":"wp","href":"https:\/\/api.w.org\/{rel}","templated":true}]}}