{"id":63,"date":"2016-07-19T13:16:22","date_gmt":"2016-07-19T11:16:22","guid":{"rendered":"http:\/\/przyjaznadolinaraby.info\/2014-2020\/?page_id=63"},"modified":"2024-10-31T09:46:22","modified_gmt":"2024-10-31T08:46:22","slug":"umowa-ramowa","status":"publish","type":"page","link":"https:\/\/przyjaznadolinaraby.info\/2014-2020\/umowa-ramowa\/","title":{"rendered":"Umowa ramowa"},"content":{"rendered":"<ul>\n<li><a href=\"http:\/\/przyjaznadolinaraby.info\/2014-2020\/wp-content\/uploads\/2016\/07\/umowa-ramowa.pdf\">Umowa o warunkach sposobie realizacji strategii rozwoju lokalnego kierowanego przez spo\u0142eczno\u015b\u0107 11.05.2016<\/a><\/li>\n<li><a href=\"http:\/\/przyjaznadolinaraby.info\/2014-2020\/wp-content\/uploads\/2016\/07\/LSR_PRZYJAZNA-DOLINA-RABY-I-CZARNEJ-ORAWY.pdf\">Za\u0142. nr 1 do Umowy<\/a><\/li>\n<li><a href=\"http:\/\/przyjaznadolinaraby.info\/2014-2020\/wp-content\/uploads\/2018\/06\/Harmonogram-nabor\u00f3w-2016-2022-18.08.2016r..odt\">Za\u0142. nr 2 do Umowy<\/a><\/li>\n<li><a href=\"http:\/\/przyjaznadolinaraby.info\/2014-2020\/wp-content\/uploads\/2016\/10\/Procedura-oceny-i-wyboru-operacji-26-09-2016-jednolita-ost-21.10.2016-1.doc\">Za\u0142. nr 3 do Umowy<\/a><\/li>\n<li><a href=\"http:\/\/przyjaznadolinaraby.info\/2014-2020\/wp-content\/uploads\/2016\/07\/Regulamin-Rady-najnowsza-wersja.docx\">Za\u0142. nr 4 do Umowy<\/a><\/li>\n<li><a href=\"https:\/\/drive.google.com\/open?id=13XJEFqdyUeYSiEGNXibconRr778k6R_M\">Za\u0142. nr 5 do Umowy<\/a><\/li>\n<li><a href=\"https:\/\/drive.google.com\/open?id=1H9APa3Dc4Q4uLCJCY00jfFRIoqwz92cv\">Za\u0142. nr 6 do Umowy<\/a><\/li>\n<li><a href=\"https:\/\/drive.google.com\/file\/d\/1j6IpOrcDhUhq25k7dDtHSb7-cB7whm3V\/view\">Za\u0142. nr 7 do Umowy<\/a><\/li>\n<li><a href=\"https:\/\/drive.google.com\/open?id=1Zvq7gwbPAdVeCOOZBQFi9BRYSwZZ7180\">Za\u0142. nr 8 do Umowy<\/a><\/li>\n<li><a href=\"https:\/\/drive.google.com\/open?id=1VbNq71Hk3k6JwtDKOs71E5JJRwA8ZvHN\">Za\u0142. nr 9 do Umowy<\/a><\/li>\n<li><a href=\"http:\/\/przyjaznadolinaraby.info\/2014-2020\/wp-content\/uploads\/2016\/07\/aneks-nr-1.pdf\">Aneks nr 1 z dnia 10.06.2016<\/a><\/li>\n<li><a href=\"http:\/\/www.przyjaznadolinaraby.info\/images\/Strategia%20Rozwoju%20Lokalnego.pdf\">Za\u0142. nr 1 do Aneksu nr 1<\/a><\/li>\n<li><a href=\"http:\/\/przyjaznadolinaraby.info\/2014-2020\/wp-content\/uploads\/2018\/06\/Harmonogram-nabor\u00f3w-2016-2022-09.06.2017.odt\">Za\u0142. nr 2 do Aneksu nr 1<\/a><\/li>\n<li><a href=\"http:\/\/przyjaznadolinaraby.info\/2014-2020\/wp-content\/uploads\/2016\/10\/Procedura-oceny-i-wyboru-operacji-26-09-2016-jednolita-ost-21.10.2016-1.doc\">Za\u0142. nr 3 do Aneksu nr 1<\/a><\/li>\n<li><a href=\"http:\/\/www.przyjaznadolinaraby.info\/images\/LGD\/regulaminy\/Regulamin%20Rady%20najnowsza%20wersja.docx\">Za\u0142. nr 4 do Aneksu nr 1<\/a><\/li>\n<li><a href=\"https:\/\/drive.google.com\/open?id=1ZVog2hMfSGvZorVIicDHfhXb3PmJz3Tr\">Za\u0142. nr 5 do Aneksu nr 1<\/a><\/li>\n<li><a href=\"https:\/\/drive.google.com\/open?id=1HFTAKnqpU876SbQv4Du7sFXU0Wssuk9e\">Za\u0142. nr 7 do Aneksu nr 1<\/a><\/li>\n<li><a href=\"https:\/\/drive.google.com\/open?id=18WuciNOQ5OhJkQbQ0OXEjvts2MbQNhk7\">Za\u0142. nr 8 do Aneksu nr 1<\/a><\/li>\n<li><a href=\"http:\/\/przyjaznadolinaraby.info\/2014-2020\/wp-content\/uploads\/2016\/07\/Aneks-nr-2.pdf\">Aneks nr 2 z dnia 11.10.2016<\/a><\/li>\n<li><a href=\"http:\/\/przyjaznadolinaraby.info\/2014-2020\/wp-content\/uploads\/2016\/07\/LSR_PRZYJAZNA-DOLINA-RABY-I-CZARNEJ-ORAWY-poprawki-do-umowy-word-2013.doc\">Za\u0142. nr 1 do Aneksu nr 2<\/a><\/li>\n<li><a href=\"http:\/\/przyjaznadolinaraby.info\/2014-2020\/wp-content\/uploads\/2016\/07\/Aneks-nr-3.pdf\">Aneks nr 3 z dnia 03.04.2017<\/a><\/li>\n<li><a href=\"http:\/\/przyjaznadolinaraby.info\/2014-2020\/wp-content\/uploads\/2016\/07\/LSR_PRZYJAZNA-DOLINA-RABY-I-CZARNEJ-ORAWY-luty-2017.pdf\">Za\u0142. nr 1 do Aneksu nr 3<\/a><\/li>\n<li><a href=\"http:\/\/przyjaznadolinaraby.info\/2014-2020\/wp-content\/uploads\/2016\/07\/Aneks-nr-4.pdf\">Aneks nr 4 z dnia 14.06.2017<\/a><\/li>\n<li><a href=\"http:\/\/przyjaznadolinaraby.info\/2014-2020\/wp-content\/uploads\/2016\/07\/ankes-nr-5.pdf\">Aneks nr 5 z dnia 16.10.2017<\/a><\/li>\n<li><a href=\"http:\/\/przyjaznadolinaraby.info\/2014-2020\/wp-content\/uploads\/2016\/07\/LSR_PRZYJAZNA-DOLINA-RABY-I-CZARNEJ-ORAWY-09.2017.pdf\">Za\u0142. nr 1 do Aneksu nr 5<\/a><\/li>\n<li><a href=\"https:\/\/drive.google.com\/open?id=1AIzqbcZdIbpEgRr-Q4qpnrdOwmplOhmf\">Aneks nr 6 z dnia\u00a0 17.01.2018<\/a><\/li>\n<li><a href=\"http:\/\/przyjaznadolinaraby.info\/2014-2020\/wp-content\/uploads\/2016\/07\/LSR_PRZYJAZNA-DOLINA-RABY-I-CZARNEJ-ORAWY-04.01.2018.pdf\">Za\u0142. nr 1 do Aneksu nr 6<\/a><\/li>\n<li><a href=\"https:\/\/drive.google.com\/open?id=1vqnV-fUu1k2KJ4WhpafbEE_NZPYSpKsX\">Aneks nr 7 z dnia\u00a0 18.04.2018<\/a><\/li>\n<li><a href=\"http:\/\/przyjaznadolinaraby.info\/2014-2020\/wp-content\/uploads\/2018\/04\/LSR_PRZYJAZNA-DOLINA-RABY-I-CZARNEJ-ORAWY-06.09.2017-2-zmiana-granty-na_konkursy.pdf\">Za\u0142. nr 1 do Aneksu nr 7<\/a><\/li>\n<li><a href=\"https:\/\/drive.google.com\/open?id=1Oo6boLq17Ut8aClWNXPgQsp3DaSpwKeP\">Aneks nr 8 z dnia\u00a0 09.11.2018<\/a><\/li>\n<li><a href=\"http:\/\/przyjaznadolinaraby.info\/2014-2020\/wp-content\/uploads\/2018\/11\/LSR_listopad-zmiana-operacja-w\u0142asna.doc\">Za\u0142. nr 1 do Aneksu nr 8<\/a><\/li>\n<li><a href=\"https:\/\/drive.google.com\/open?id=1sR9IOI2rfdW0Yz09O7ScEtZmd5L28j3Z\">Aneks nr 9 z dnia\u00a0 05.02.2019<\/a><\/li>\n<li><a href=\"https:\/\/drive.google.com\/open?id=1BAFriFLPrhf4N5JzHUV3XRz4PD8ZZSYy\">Aneks nr 10 z dnia 13.02.2019<\/a><\/li>\n<li><a href=\"https:\/\/drive.google.com\/open?id=1pfjbhxEO5ubD25WhLwk6V_ZxWSZcu6GW\">Za\u0142. nr 1 do Aneksu nr 10<\/a><\/li>\n<li><a href=\"https:\/\/drive.google.com\/open?id=1Dh2CNQ99vzGiypfB5l9jKiwdorZAs1W6\">Aneks nr 11 z dnia 24.05.2019<\/a><\/li>\n<li><a href=\"https:\/\/drive.google.com\/open?id=1RJXsN0iL4YN0wslzg9uF6pm7dpnjL-uB\">Za\u0142. nr 1 do Aneksu nr 11<\/a><\/li>\n<li><a href=\"https:\/\/drive.google.com\/open?id=1N1iPv97j9QwRe8VF3IGZxoC42Fxi8i8A\">Aneks nr 12 z dnia\u00a0 11.10.2019<\/a><\/li>\n<li><a href=\"https:\/\/drive.google.com\/open?id=1683kvRJi0ujyO1gCoY5op7Svr7Q9hZlH\">Za\u0142. nr 1 do Aneksu nr 12<\/a><\/li>\n<li><a href=\"https:\/\/drive.google.com\/file\/d\/11j6znZeI24Mbn3ZqzXx1JFsFeZCHfx27\/view?usp=sharing\">Aneks nr 13 z dnia\u00a0 28.01.2020<\/a><\/li>\n<li><a href=\"https:\/\/drive.google.com\/open?id=1zvZrxzMb2TweVsHvWTXeMIIPP5h3A_R3\">Za\u0142. LSR<\/a><\/li>\n<li><a href=\"https:\/\/drive.google.com\/open?id=1mXQMjQhyN8s6duPVuiPajJoCSK12Ji4y\">Aneks nr 14 z dnia\u00a0 21.02.2020<\/a><\/li>\n<li><a href=\"https:\/\/drive.google.com\/file\/d\/1DqtV7mzNpkxDyxs4Jr9Xtk6_aqNWZVmx\/view\">Za\u0142.\u00a0 LSR<\/a><\/li>\n<li><a href=\"https:\/\/drive.google.com\/file\/d\/1-GuIWkJLhxnU_Y2zO4F5l2U3JrKVuMcn\/view?usp=sharing\">Aneks nr 15 z dnia\u00a0 24.06.2020<\/a><\/li>\n<li><a href=\"https:\/\/drive.google.com\/file\/d\/1F59llCp86iMnj1-83Dlg81G5hXPqyuK-\/view?usp=sharing\">Aneks nr 16 z dnia\u00a0 17.08.2020<\/a><\/li>\n<li><a href=\"https:\/\/drive.google.com\/file\/d\/1F8QyP0p0FEcQcgLaJQT_mkdAZAje7nCv\/view?usp=sharing\">Za\u0142. LSR<\/a><\/li>\n<li><a href=\"https:\/\/drive.google.com\/file\/d\/1fhfvjiYzFETRtYlzeLXssrgZ2pbyhfuo\/view?usp=sharing\">Aneks nr 17 z dnia\u00a0 14.10.2020<\/a><\/li>\n<li><a href=\"https:\/\/drive.google.com\/file\/d\/1BD-ggblI-YOMIQZpHCUc1iId7eMihsQF\/view?usp=sharing\">Za\u0142.\u00a0 LSR<\/a><\/li>\n<li><a href=\"https:\/\/drive.google.com\/file\/d\/1UTsHmL8UavxN83ah5zjXlzexCSnK_T_2\/view?usp=sharing\">Aneks nr 18 z dnia\u00a0 23.03.2021<\/a><\/li>\n<li><a href=\"https:\/\/drive.google.com\/file\/d\/1-pFf0Zt5C9UrT6AKS2xgw8oZlncmCiQl\/view?usp=sharing\">Za\u0142.\u00a0 LSR<\/a><\/li>\n<li><a href=\"https:\/\/drive.google.com\/file\/d\/1gLWSwB4nJkpeH5F9c3HmHxoHQinedIXf\/view?usp=sharing\">Aneks nr 19 z dnia\u00a0 08.11.2021<\/a><\/li>\n<li><a href=\"https:\/\/docs.google.com\/document\/d\/1t2tRvQQ5wEcPRpo0bLRkoZeadvTLFij0\/edit?usp=sharing&amp;ouid=116599793592344562435&amp;rtpof=true&amp;sd=true\">Za\u0142.\u00a0 LSR<\/a><\/li>\n<li><a href=\"https:\/\/drive.google.com\/file\/d\/1AJ7YqP25hzixFqAUckhB-MzD1Bn6gKBT\/view?usp=sharing\">Aneks nr 20 z dnia\u00a0 12.05.2022<\/a><\/li>\n<li><a href=\"https:\/\/drive.google.com\/file\/d\/1XPwXpppfXJSMpfDTNh5atjz61ugtUJj0\/view?usp=sharing\">Za\u0142.\u00a0 LSR<\/a><\/li>\n<li><a href=\"https:\/\/drive.google.com\/file\/d\/1__zZYwU-2gtwauUuq0oy__PsXX82Y0k_\/view?usp=sharing\">Aneks nr 21 z dnia\u00a0 09.06.2022<\/a><\/li>\n<li><a href=\"https:\/\/drive.google.com\/file\/d\/121XgUxwJ65mud2VwPIGHO53m8y9QFYah\/view?usp=sharing\">Za\u0142.\u00a0 LSR<\/a><\/li>\n<li><a href=\"https:\/\/drive.google.com\/file\/d\/18CQiC-59kU1zNjQ1SZuq9pRKpdkDNaaL\/view?usp=sharing\">Aneks nr 22 z dnia\u00a0 10.08.2022<\/a><\/li>\n<li><a href=\"https:\/\/drive.google.com\/file\/d\/1W-qF4_CpBvGOiOb6plyLgMUCrZw4WY_z\/view?usp=sharing\">Za\u0142.\u00a0 LSR<\/a><\/li>\n<li><a href=\"http:\/\/przyjaznadolinaraby.info\/2014-2020\/wp-content\/uploads\/2023\/03\/Aneks-23.pdf\">Aneks nr 23 z dnia\u00a0 25.01.2023<\/a><\/li>\n<li><a href=\"http:\/\/przyjaznadolinaraby.info\/2014-2020\/wp-content\/uploads\/2023\/03\/LSR-Przyjazna-DolinaRaby-styczen-2023.pdf\">Za\u0142.\u00a0 LSR<\/a><\/li>\n<li><a href=\"http:\/\/przyjaznadolinaraby.info\/2014-2020\/wp-content\/uploads\/2023\/05\/Aneks-nr-24-do-umowy-ramowej.pdf\">Aneks nr 24 z dnia\u00a0 28.04.2023<\/a><\/li>\n<li><a href=\"http:\/\/przyjaznadolinaraby.info\/2014-2020\/wp-content\/uploads\/2023\/05\/LSR-Przyjazna-DolinaRaby-kwiecien-2023-pr-ws.pdf\">Za\u0142.\u00a0 LSR<\/a><\/li>\n<li><a href=\"http:\/\/przyjaznadolinaraby.info\/2014-2020\/wp-content\/uploads\/2024\/02\/Aneks-nr-25.pdf\">Aneks nr 25<\/a><\/li>\n<li><a href=\"http:\/\/przyjaznadolinaraby.info\/2014-2020\/wp-content\/uploads\/2023\/07\/Aneks-26.pdf\">Aneks nr 26<\/a><\/li>\n<li><a href=\"http:\/\/przyjaznadolinaraby.info\/2014-2020\/wp-content\/uploads\/2023\/07\/LSR-Przyjazna-DolinaRaby-lipiec-oszczednosci-2023-1-1.doc\">Za\u0142.\u00a0 LSR<\/a><\/li>\n<li><a href=\"https:\/\/przyjaznadolinaraby.info\/2014-2020\/wp-content\/uploads\/2024\/10\/Aneks-nr-27.pdf\">Aneks nr 27<\/a><\/li>\n<li><a href=\"https:\/\/przyjaznadolinaraby.info\/2014-2020\/wp-content\/uploads\/2024\/10\/LSR-Przyjazna-DolinaRaby-pa-dziernik-2024-wska%C2%A6niki.doc\">Za\u0142.\u00a0 LSR<\/a><\/li>\n<\/ul>\n","protected":false},"excerpt":{"rendered":"<p>Umowa o warunkach sposobie realizacji strategii rozwoju lokalnego kierowanego przez spo\u0142eczno\u015b\u0107 11.05.2016 Za\u0142. nr 1 do Umowy Za\u0142. nr 2 do Umowy Za\u0142. nr 3 do Umowy Za\u0142. nr 4 do Umowy Za\u0142. nr 5 do Umowy Za\u0142. nr 6 do Umowy Za\u0142. nr 7 do Umowy Za\u0142. nr 8 do Umowy Za\u0142. nr 9 <a href=\"https:\/\/przyjaznadolinaraby.info\/2014-2020\/umowa-ramowa\/\" class=\"more-link\">&#8230;<span class=\"screen-reader-text\">  Umowa ramowa<\/span><\/a><\/p>\n","protected":false},"author":6,"featured_media":0,"parent":0,"menu_order":8,"comment_status":"closed","ping_status":"closed","template":"","meta":{"_monsterinsights_skip_tracking":false,"_monsterinsights_sitenote_active":false,"_monsterinsights_sitenote_note":"","_monsterinsights_sitenote_category":0,"footnotes":""},"tags":[],"acf":[],"_links":{"self":[{"href":"https:\/\/przyjaznadolinaraby.info\/2014-2020\/wp-json\/wp\/v2\/pages\/63"}],"collection":[{"href":"https:\/\/przyjaznadolinaraby.info\/2014-2020\/wp-json\/wp\/v2\/pages"}],"about":[{"href":"https:\/\/przyjaznadolinaraby.info\/2014-2020\/wp-json\/wp\/v2\/types\/page"}],"author":[{"embeddable":true,"href":"https:\/\/przyjaznadolinaraby.info\/2014-2020\/wp-json\/wp\/v2\/users\/6"}],"replies":[{"embeddable":true,"href":"https:\/\/przyjaznadolinaraby.info\/2014-2020\/wp-json\/wp\/v2\/comments?post=63"}],"version-history":[{"count":9,"href":"https:\/\/przyjaznadolinaraby.info\/2014-2020\/wp-json\/wp\/v2\/pages\/63\/revisions"}],"predecessor-version":[{"id":10831,"href":"https:\/\/przyjaznadolinaraby.info\/2014-2020\/wp-json\/wp\/v2\/pages\/63\/revisions\/10831"}],"wp:attachment":[{"href":"https:\/\/przyjaznadolinaraby.info\/2014-2020\/wp-json\/wp\/v2\/media?parent=63"}],"wp:term":[{"taxonomy":"post_tag","embeddable":true,"href":"https:\/\/przyjaznadolinaraby.info\/2014-2020\/wp-json\/wp\/v2\/tags?post=63"}],"curies":[{"name":"wp","href":"https:\/\/api.w.org\/{rel}","templated":true}]}}