{"id":77,"date":"2016-07-19T13:17:31","date_gmt":"2016-07-19T11:17:31","guid":{"rendered":"http:\/\/przyjaznadolinaraby.info\/2014-2020\/?page_id=77"},"modified":"2024-07-15T12:50:13","modified_gmt":"2024-07-15T10:50:13","slug":"plan-komunikacji","status":"publish","type":"page","link":"https:\/\/przyjaznadolinaraby.info\/2014-2020\/plan-komunikacji\/","title":{"rendered":"Plan komunikacji (harmonogram komunikacji)"},"content":{"rendered":"<p><span style=\"color: #000000;\"><b>Harmonogram realizacji planu komunikacji na rok 2024<\/b><\/span><\/p>\n<p><a href=\"http:\/\/przyjaznadolinaraby.info\/2014-2020\/wp-content\/uploads\/2024\/03\/plan-komunikacji-2024.pdf\">Do pobrania PDF<\/a><\/p>\n<p>Celem strategicznym planu komunikacji jest <strong>dotarcie do <\/strong>jak najwi\u0119kszej grupy potencjalnych<strong> wnioskodawc\u00f3w i beneficjent\u00f3w <\/strong>przedsi\u0119wzi\u0119\u0107 LSR ze szczeg\u00f3\u0142owymi, aktualnymi informacjami dotycz\u0105cymi zakresu, warunk\u00f3w, wysoko\u015bci mo\u017cliwego wsparcia finansowego w ramach LSR. Plan komunikacji b\u0119dzie monitorowany w spos\u00f3b ci\u0105g\u0142y. Co dwa lata przewidziana jest w ewaluacja, a w jej ramach ocena dzia\u0142a\u0144 komunikacyjnych. Wnioski i opinie zebrane podczas dzia\u0142a\u0144 komunikacyjnych, a tak\u017ce wyniki z oceny skuteczno\u015bci dzia\u0142a\u0144 komunikacyjnych b\u0119d\u0105 podstawa do korygowania element\u00f3w planu komunikacyjnego w kolejnych latach.<\/p>\n<p><a href=\"http:\/\/przyjaznadolinaraby.info\/2014-2020\/lgd\/plan-komunikacji\/plan-komunikacji-2022\/\" rel=\"attachment wp-att-9949\">Pobierz plan komunikacji &#8211; kliknij tutaj<\/a><\/p>\n<p><strong>Odbiorc\u0105 komunikacji o LSR jest ka\u017cdy mieszkaniec<\/strong> obszaru dzia\u0142ania LGD. Grupa \u201emieszka\u0144cy\u201d nie jest jednak jednolita i dlatego istnieje konieczno\u015b\u0107 zr\u00f3\u017cnicowane komunikat\u00f3w. Podstawowym kryterium podzia\u0142u docelowych odbiorc\u00f3w jest poziom ich zaanga\u017cowania w proces zmian rozwojowych na obszarze dzia\u0142ania LGD. <strong>Liderzy lokalni oraz organizacje i instytucje z obszaru<\/strong> maj\u0105 wi\u0119ksze potrzeby informacyjne od podmiot\u00f3w bezpo\u015brednio w ten proces niezaanga\u017cowanych. Najtrudniej dotrze\u0107<br \/>\ndo ludzi biernych, defaworyzowanych i wykluczonych. Oni musz\u0105 dosta\u0107 komunikat motywuj\u0105cy i przekonywuj\u0105cy do kolejnego kroku, jakim jest sprawdzenie mo\u017cliwo\u015bci w\u0142asnych uczestnictwa w programie.<\/p>\n<p>Komunikacja LGD przekazywana jest zatem do og\u00f3\u0142u mieszka\u0144c\u00f3w, a tak\u017ce do poszczeg\u00f3lnych grup <strong>potencjalnych beneficjent\u00f3w<\/strong>: w szczeg\u00f3lno\u015bci do <strong>przedsi\u0119biorc\u00f3w i do os\u00f3b, kt\u00f3re chc\u0105 za\u0142o\u017cy\u0107 dzia\u0142alno\u015b\u0107 gospodarcz\u0105<\/strong> (najwi\u0119ksza cz\u0119\u015b\u0107 bud\u017cetu), <strong>d<\/strong><strong>o organizacji pozarz\u0105dowych<\/strong>, grup, zespo\u0142\u00f3w OSP, KGW, <strong>do instytucji publicznych<\/strong>, samorz\u0105d\u00f3w terytorialnych i gospodarczych itd.<\/p>\n<p>W szczeg\u00f3lny spos\u00f3b planuje si\u0119 dociera\u0107 <strong>do grup defaworyzowanych<\/strong> m.in. za po\u015brednictwem instytucji pomocy spo\u0142ecznej oraz szk\u00f3\u0142 ponadgimnazjalnych i zawodowych. LGD posiada bazy danych w podziale na sektory, a kontakt mailowy dotychczas dobrze si\u0119 sprawdza\u0142. W Biurze dost\u0119pne s\u0105 materia\u0142y informacyjne i promocyjne.<\/p>\n<p>W ramach realizacji planu komunikacji prowadzone b\u0119d\u0105 tak\u017ce dzia\u0142ania z zakresu animacji lokalnej i wsp\u00f3\u0142pracy \u00a0z podmiotami dzia\u0142aj\u0105cymi na obszarze LGD. Dzia\u0142ania te maj\u0105 na celu wsparcie komunikacji lokalnej i kapita\u0142u spo\u0142ecznego,\u00a0 aktywizacj\u0119 mieszka\u0144c\u00f3w, wsparcie budowania partnerstwa lokalnego i dialogu LGD ze spo\u0142eczno\u015bci\u0105 lokaln\u0105.<\/p>\n<p>Zadania w ramach animacji i wsp\u00f3\u0142pracy:<\/p>\n<ul>\n<li>konsultacje spo\u0142eczne LSR i potrzeb mieszka\u0144c\u00f3w (artyku\u0142y na stronie internetowej LGD i stronach urz\u0119d\u00f3w gmin jak r\u00f3wnie\u017c artyku\u0142 na profilu LGD w portalu spo\u0142eczno\u015bciowym oraz newsletter zach\u0119caj\u0105cy do dialogu spo\u0142ecznego i wzi\u0119cia udzia\u0142u w konsultacjach spo\u0142ecznych.<\/li>\n<li>Spotkania informacyjne otwarte w ka\u017cdej gminie LGD,<\/li>\n<li>Spotkanie dla grup defaworyzowanych okre\u015blonych w LSR<\/li>\n<li>wsp\u00f3\u0142praca przy organizacji imprez\/wydarze\u0144 z podmiotami z terenu LGD.<\/li>\n<\/ul>\n<p>Zadania b\u0119d\u0105 podlega\u0107 ewaluacji poprzez ankiet\u0119 ewaluacyjn\u0105, ewentualnie w przypadku spotka\u0144 grupowych cyklicznych \u2013 notatk\u0119 ze spotkania z wnioskami zg\u0142aszanymi na spotkaniu informacyjnym organizowanym przez LGD.<\/p>\n<p><strong><a href=\"http:\/\/przyjaznadolinaraby.info\/2014-2020\/lgd\/plan-komunikacji\/wskazniki\/\" rel=\"attachment wp-att-9951\">Wska\u017aniki i planowane efekty dzia\u0142a\u0144 komunikacyjnych &#8211; kliknij i pobierz<\/a><\/strong><\/p>\n<p><strong>Bud\u017cet na dzia\u0142ania komunikacyjne<\/strong><\/p>\n<p>Dzia\u0142ania przewidziane w Planie komunikacji mieszcz\u0105 si\u0119 w bie\u017c\u0105cym funkcjonowaniu LGD (ulotki, foldery, spotkania<br \/>\nz mieszka\u0144cami, komunikaty do medi\u00f3w, spotkania konsultacyjne itd.).<\/p>\n<p>Planuje si\u0119, \u017ce w okresie 2014-2020 \u015brodki przeznaczone na ten cel b\u0119d\u0105 w nast\u0119puj\u0105cej wysoko\u015bci:<\/p>\n<p><strong><a href=\"http:\/\/przyjaznadolinaraby.info\/2014-2020\/lgd\/plan-komunikacji\/budzet\/\" rel=\"attachment wp-att-9952\">Bud\u017cet na dzia\u0142ania komunikacyjne &#8211; kliknij i pobierz<\/a><\/strong><\/p>\n<p>Archiwum:<\/p>\n<p><a href=\"http:\/\/przyjaznadolinaraby.info\/2014-2020\/wp-content\/uploads\/2016\/07\/harmonogram_Realizacji_palnu_komunikacji-na-rok-2017.pdf\">Pobierz tu<\/a><\/p>\n<p><strong>Harmonogram realizacji planu komunikacji na rok 2016.<\/strong><\/p>\n<p><img decoding=\"async\" class=\"alignnone wp-image-486 size-full\" src=\"http:\/\/przyjaznadolinaraby.info\/2014-2020\/wp-content\/uploads\/2016\/07\/harm-komunikacji-Ia.jpg\" alt=\"harm komunikacji Ia\" width=\"2146\" height=\"1214\" srcset=\"https:\/\/przyjaznadolinaraby.info\/2014-2020\/wp-content\/uploads\/2016\/07\/harm-komunikacji-Ia.jpg 2146w, https:\/\/przyjaznadolinaraby.info\/2014-2020\/wp-content\/uploads\/2016\/07\/harm-komunikacji-Ia-300x170.jpg 300w, https:\/\/przyjaznadolinaraby.info\/2014-2020\/wp-content\/uploads\/2016\/07\/harm-komunikacji-Ia-1024x579.jpg 1024w\" sizes=\"(max-width: 2146px) 100vw, 2146px\" \/><\/p>\n<p><img decoding=\"async\" class=\"alignnone wp-image-487 size-full\" src=\"http:\/\/przyjaznadolinaraby.info\/2014-2020\/wp-content\/uploads\/2016\/07\/harm-komunikacji-IIa.jpg\" alt=\"harm komunikacji IIa\" width=\"2118\" height=\"875\" srcset=\"https:\/\/przyjaznadolinaraby.info\/2014-2020\/wp-content\/uploads\/2016\/07\/harm-komunikacji-IIa.jpg 2118w, https:\/\/przyjaznadolinaraby.info\/2014-2020\/wp-content\/uploads\/2016\/07\/harm-komunikacji-IIa-300x124.jpg 300w, https:\/\/przyjaznadolinaraby.info\/2014-2020\/wp-content\/uploads\/2016\/07\/harm-komunikacji-IIa-1024x423.jpg 1024w\" sizes=\"(max-width: 2118px) 100vw, 2118px\" \/><\/p>\n<p><b><span style=\"color: #191e23;\">Harmonogram realizacji planu komunikacji na rok 2017.<\/span><\/b><\/p>\n<p><img decoding=\"async\" class=\"alignnone wp-image-1264 size-full\" src=\"http:\/\/przyjaznadolinaraby.info\/2014-2020\/wp-content\/uploads\/2016\/07\/harmonogram_Realizacji_palnu_komunikacji-na-rok-2017-page-001.jpg\" alt=\"harmonogram_Realizacji_palnu_komunikacji na rok 2017-page-001\" width=\"1753\" height=\"1240\" srcset=\"https:\/\/przyjaznadolinaraby.info\/2014-2020\/wp-content\/uploads\/2016\/07\/harmonogram_Realizacji_palnu_komunikacji-na-rok-2017-page-001.jpg 1753w, https:\/\/przyjaznadolinaraby.info\/2014-2020\/wp-content\/uploads\/2016\/07\/harmonogram_Realizacji_palnu_komunikacji-na-rok-2017-page-001-300x212.jpg 300w, https:\/\/przyjaznadolinaraby.info\/2014-2020\/wp-content\/uploads\/2016\/07\/harmonogram_Realizacji_palnu_komunikacji-na-rok-2017-page-001-1024x724.jpg 1024w\" sizes=\"(max-width: 1753px) 100vw, 1753px\" \/><\/p>\n<p><b><span style=\"color: #191e23;\">Harmonogram realizacji planu komunikacji na rok 2017.<\/span><\/b><img decoding=\"async\" class=\"alignnone wp-image-1986 size-full\" src=\"http:\/\/przyjaznadolinaraby.info\/2014-2020\/wp-content\/uploads\/2018\/04\/Kopia_harmonogram_Realizacji_palnu_komunikacji2018-1.jpg\" alt=\"\" width=\"2053\" height=\"1189\" srcset=\"https:\/\/przyjaznadolinaraby.info\/2014-2020\/wp-content\/uploads\/2018\/04\/Kopia_harmonogram_Realizacji_palnu_komunikacji2018-1.jpg 2053w, https:\/\/przyjaznadolinaraby.info\/2014-2020\/wp-content\/uploads\/2018\/04\/Kopia_harmonogram_Realizacji_palnu_komunikacji2018-1-300x174.jpg 300w, https:\/\/przyjaznadolinaraby.info\/2014-2020\/wp-content\/uploads\/2018\/04\/Kopia_harmonogram_Realizacji_palnu_komunikacji2018-1-1024x593.jpg 1024w\" sizes=\"(max-width: 2053px) 100vw, 2053px\" \/> <img decoding=\"async\" class=\"alignnone size-large wp-image-1987\" src=\"http:\/\/przyjaznadolinaraby.info\/2014-2020\/wp-content\/uploads\/2018\/04\/Kopia_harmonogram_Realizacji_palnu_komunikacji2018-2-1024x223.jpg\" alt=\"\" width=\"1024\" height=\"223\" srcset=\"https:\/\/przyjaznadolinaraby.info\/2014-2020\/wp-content\/uploads\/2018\/04\/Kopia_harmonogram_Realizacji_palnu_komunikacji2018-2-1024x223.jpg 1024w, https:\/\/przyjaznadolinaraby.info\/2014-2020\/wp-content\/uploads\/2018\/04\/Kopia_harmonogram_Realizacji_palnu_komunikacji2018-2-300x65.jpg 300w\" sizes=\"(max-width: 1024px) 100vw, 1024px\" \/><\/p>\n<p><strong>Harmonogram czerwiec 2018:<\/strong><\/p>\n<p><img decoding=\"async\" class=\"alignnone size-large wp-image-2061\" src=\"http:\/\/przyjaznadolinaraby.info\/2014-2020\/wp-content\/uploads\/2018\/06\/harm-1-1024x492.png\" alt=\"\" width=\"1024\" height=\"492\" srcset=\"https:\/\/przyjaznadolinaraby.info\/2014-2020\/wp-content\/uploads\/2018\/06\/harm-1-1024x492.png 1024w, https:\/\/przyjaznadolinaraby.info\/2014-2020\/wp-content\/uploads\/2018\/06\/harm-1-300x144.png 300w, https:\/\/przyjaznadolinaraby.info\/2014-2020\/wp-content\/uploads\/2018\/06\/harm-1.png 1231w\" sizes=\"(max-width: 1024px) 100vw, 1024px\" \/> <img decoding=\"async\" class=\"alignnone size-large wp-image-2062\" src=\"http:\/\/przyjaznadolinaraby.info\/2014-2020\/wp-content\/uploads\/2018\/06\/harm-2-1024x479.png\" alt=\"\" width=\"1024\" height=\"479\" srcset=\"https:\/\/przyjaznadolinaraby.info\/2014-2020\/wp-content\/uploads\/2018\/06\/harm-2-1024x479.png 1024w, https:\/\/przyjaznadolinaraby.info\/2014-2020\/wp-content\/uploads\/2018\/06\/harm-2-300x140.png 300w, https:\/\/przyjaznadolinaraby.info\/2014-2020\/wp-content\/uploads\/2018\/06\/harm-2.png 1228w\" sizes=\"(max-width: 1024px) 100vw, 1024px\" \/><\/p>\n<p><a href=\"http:\/\/przyjaznadolinaraby.info\/2014-2020\/wp-content\/uploads\/2018\/06\/Harmonogram_Realizacji_palnu_komunikacji2018-1-czerwiec-2018.pdf\">Do pobrania: Harmonogram_Realizacji_palnu_komunikacji2018) (1) czerwiec 2018<\/a><\/p>\n<p><span style=\"font-size: 12pt;\"><b>Harmonogram realizacji planu komunikacji na rok 2018- lipiec 2018<\/b><\/span><\/p>\n<p><a href=\"http:\/\/przyjaznadolinaraby.info\/2014-2020\/lgd\/plan-komunikacji\/kopia_harmonogram_realizacji_palnu_komunikacji-lipiec-2018-1\/\" rel=\"attachment wp-att-2110\"><img decoding=\"async\" class=\"alignnone size-full wp-image-2110\" src=\"http:\/\/przyjaznadolinaraby.info\/2014-2020\/wp-content\/uploads\/2018\/07\/Kopia_harmonogram_Realizacji_palnu_komunikacji-lipiec-2018-1.jpg\" alt=\"\" width=\"2044\" height=\"1189\" srcset=\"https:\/\/przyjaznadolinaraby.info\/2014-2020\/wp-content\/uploads\/2018\/07\/Kopia_harmonogram_Realizacji_palnu_komunikacji-lipiec-2018-1.jpg 2044w, https:\/\/przyjaznadolinaraby.info\/2014-2020\/wp-content\/uploads\/2018\/07\/Kopia_harmonogram_Realizacji_palnu_komunikacji-lipiec-2018-1-300x175.jpg 300w, https:\/\/przyjaznadolinaraby.info\/2014-2020\/wp-content\/uploads\/2018\/07\/Kopia_harmonogram_Realizacji_palnu_komunikacji-lipiec-2018-1-1024x596.jpg 1024w\" sizes=\"(max-width: 2044px) 100vw, 2044px\" \/><\/a><\/p>\n<p><a href=\"http:\/\/przyjaznadolinaraby.info\/2014-2020\/lgd\/plan-komunikacji\/kopia_harmonogram_realizacji_palnu_komunikacji-lipiec-2018-2\/\" rel=\"attachment wp-att-2111\"><img decoding=\"async\" class=\"alignnone size-full wp-image-2111\" src=\"http:\/\/przyjaznadolinaraby.info\/2014-2020\/wp-content\/uploads\/2018\/07\/Kopia_harmonogram_Realizacji_palnu_komunikacji-lipiec-2018-2.jpg\" alt=\"\" width=\"2049\" height=\"1189\" srcset=\"https:\/\/przyjaznadolinaraby.info\/2014-2020\/wp-content\/uploads\/2018\/07\/Kopia_harmonogram_Realizacji_palnu_komunikacji-lipiec-2018-2.jpg 2049w, https:\/\/przyjaznadolinaraby.info\/2014-2020\/wp-content\/uploads\/2018\/07\/Kopia_harmonogram_Realizacji_palnu_komunikacji-lipiec-2018-2-300x174.jpg 300w, https:\/\/przyjaznadolinaraby.info\/2014-2020\/wp-content\/uploads\/2018\/07\/Kopia_harmonogram_Realizacji_palnu_komunikacji-lipiec-2018-2-1024x594.jpg 1024w\" sizes=\"(max-width: 2049px) 100vw, 2049px\" \/><\/a><\/p>\n<p><a href=\"http:\/\/przyjaznadolinaraby.info\/2014-2020\/wp-content\/uploads\/2018\/07\/Kopia_harmonogram_Realizacji_palnu_komunikacji-lipiec-2018.pdf\">DO POBRANIA: Harmonogram_Realizacji_palnu_komunikacji2018) (1) lipiec 2018<\/a><\/p>\n<p><strong>Harmonogram Realizacji planu komunikacji 2019 ( zmiany maj 2019r.)<\/strong><\/p>\n<p><a href=\"http:\/\/przyjaznadolinaraby.info\/2014-2020\/lgd\/plan-komunikacji\/harmonogram-2019\/\" rel=\"attachment wp-att-2687\"><img decoding=\"async\" class=\"alignnone size-large wp-image-2687\" src=\"http:\/\/przyjaznadolinaraby.info\/2014-2020\/wp-content\/uploads\/2019\/05\/Harmonogram-2019-1024x562.png\" alt=\"\" width=\"1024\" height=\"562\" srcset=\"https:\/\/przyjaznadolinaraby.info\/2014-2020\/wp-content\/uploads\/2019\/05\/Harmonogram-2019-1024x562.png 1024w, https:\/\/przyjaznadolinaraby.info\/2014-2020\/wp-content\/uploads\/2019\/05\/Harmonogram-2019-300x165.png 300w, https:\/\/przyjaznadolinaraby.info\/2014-2020\/wp-content\/uploads\/2019\/05\/Harmonogram-2019.png 1467w\" sizes=\"(max-width: 1024px) 100vw, 1024px\" \/><\/a><\/p>\n<p><a href=\"https:\/\/drive.google.com\/open?id=1vAxfw4V4AISkx0mNneGLf0ttFMCdaSU0\">DO POBRANIA: Harmonogram_Realizacji_planu_komunikacji 2019 ( zmiany maj 2019r.)<\/a><\/p>\n<p><b>Harmonogram realizacji planu komunikacji na rok 2019<\/b><\/p>\n<p><img decoding=\"async\" class=\"alignnone size-full wp-image-2972\" src=\"http:\/\/przyjaznadolinaraby.info\/2014-2020\/wp-content\/uploads\/2019\/10\/Kopia_harmonogram_Realizacji_palnu_komunikacji2018-zmiana-pa\u017adziernik-2019.jpg\" alt=\"\" width=\"2037\" height=\"1049\" srcset=\"https:\/\/przyjaznadolinaraby.info\/2014-2020\/wp-content\/uploads\/2019\/10\/Kopia_harmonogram_Realizacji_palnu_komunikacji2018-zmiana-pa\u017adziernik-2019.jpg 2037w, https:\/\/przyjaznadolinaraby.info\/2014-2020\/wp-content\/uploads\/2019\/10\/Kopia_harmonogram_Realizacji_palnu_komunikacji2018-zmiana-pa\u017adziernik-2019-300x154.jpg 300w, https:\/\/przyjaznadolinaraby.info\/2014-2020\/wp-content\/uploads\/2019\/10\/Kopia_harmonogram_Realizacji_palnu_komunikacji2018-zmiana-pa\u017adziernik-2019-1024x527.jpg 1024w\" sizes=\"(max-width: 2037px) 100vw, 2037px\" \/><\/p>\n<p>Do pobrania:\u00a0<a href=\"https:\/\/drive.google.com\/open?id=1Gr99eNiD9ZNEZVhHT4_B0ue3B_XFLgbY\">https:\/\/drive.google.com\/open?id=1Gr99eNiD9ZNEZVhHT4_B0ue3B_XFLgbY<\/a><\/p>\n<p><span style=\"color: #000000;\"><b>Harmonogram realizacji planu komunikacji na rok 2020<\/b><\/span><\/p>\n<p>\/wersja z marca 2020r.\/<\/p>\n<p><a href=\"http:\/\/przyjaznadolinaraby.info\/2014-2020\/lgd\/plan-komunikacji\/harmonogram-komunikacji-2020\/\" rel=\"attachment wp-att-4498\"><img decoding=\"async\" class=\"alignnone wp-image-4498 size-full\" src=\"http:\/\/przyjaznadolinaraby.info\/2014-2020\/wp-content\/uploads\/2020\/05\/Harmonogram-komunikacji-2020.png\" alt=\"\" width=\"1867\" height=\"1329\" srcset=\"https:\/\/przyjaznadolinaraby.info\/2014-2020\/wp-content\/uploads\/2020\/05\/Harmonogram-komunikacji-2020.png 1867w, https:\/\/przyjaznadolinaraby.info\/2014-2020\/wp-content\/uploads\/2020\/05\/Harmonogram-komunikacji-2020-300x214.png 300w, https:\/\/przyjaznadolinaraby.info\/2014-2020\/wp-content\/uploads\/2020\/05\/Harmonogram-komunikacji-2020-1024x729.png 1024w\" sizes=\"(max-width: 1867px) 100vw, 1867px\" \/><\/a><\/p>\n<p><a href=\"https:\/\/drive.google.com\/open?id=1hyuLz5JdLh8r3PEggBgiq1JrfwBj4htk\">Do pobrania<\/a><\/p>\n<p><span style=\"color: #000000;\"><b>Harmonogram realizacji planu komunikacji na rok 2021<\/b><\/span><\/p>\n<p><a href=\"https:\/\/drive.google.com\/file\/d\/1qFTw5JKmBvsFFeDyeg7GL84S0AFNJE1F\/view?usp=sharing\" rel=\"attachment wp-att-6904\"><img decoding=\"async\" class=\"alignnone wp-image-6904 size-large\" src=\"http:\/\/przyjaznadolinaraby.info\/2014-2020\/wp-content\/uploads\/2020\/12\/Harm-kom-2021-1024x439.png\" alt=\"\" width=\"1024\" height=\"439\" srcset=\"https:\/\/przyjaznadolinaraby.info\/2014-2020\/wp-content\/uploads\/2020\/12\/Harm-kom-2021-1024x439.png 1024w, https:\/\/przyjaznadolinaraby.info\/2014-2020\/wp-content\/uploads\/2020\/12\/Harm-kom-2021-300x129.png 300w, https:\/\/przyjaznadolinaraby.info\/2014-2020\/wp-content\/uploads\/2020\/12\/Harm-kom-2021.png 1601w\" sizes=\"(max-width: 1024px) 100vw, 1024px\" \/><\/a><\/p>\n<p><a href=\"https:\/\/drive.google.com\/file\/d\/1qFTw5JKmBvsFFeDyeg7GL84S0AFNJE1F\/view?usp=sharing\">Do pobrania<\/a><\/p>\n<p><span style=\"color: #000080;\"><b>Harmonogram realizacji planu komunikacji na rok 2021<\/b><\/span><\/p>\n<p><a href=\"http:\/\/przyjaznadolinaraby.info\/2014-2020\/lgd\/plan-komunikacji\/harmonogram-komunikacyjny-2021\/\" rel=\"attachment wp-att-8077\"><img decoding=\"async\" class=\"alignnone size-full wp-image-8077\" src=\"http:\/\/przyjaznadolinaraby.info\/2014-2020\/wp-content\/uploads\/2021\/05\/Harmonogram-komunikacyjny-2021.jpg\" alt=\"\" width=\"1464\" height=\"722\" srcset=\"https:\/\/przyjaznadolinaraby.info\/2014-2020\/wp-content\/uploads\/2021\/05\/Harmonogram-komunikacyjny-2021.jpg 1464w, https:\/\/przyjaznadolinaraby.info\/2014-2020\/wp-content\/uploads\/2021\/05\/Harmonogram-komunikacyjny-2021-300x148.jpg 300w, https:\/\/przyjaznadolinaraby.info\/2014-2020\/wp-content\/uploads\/2021\/05\/Harmonogram-komunikacyjny-2021-1024x505.jpg 1024w\" sizes=\"(max-width: 1464px) 100vw, 1464px\" \/><\/a><\/p>\n<p><a href=\"https:\/\/drive.google.com\/file\/d\/1SdUNJY9e4ilkqDwuW35UqVGic5LHSKcB\/view?usp=sharing\">Do pobrania\u00a0<\/a><\/p>\n<p><span style=\"color: #000000;\"><b>Harmonogram realizacji planu komunikacji na rok 2022<\/b><\/span><\/p>\n<p><a href=\"http:\/\/przyjaznadolinaraby.info\/2014-2020\/lgd\/plan-komunikacji\/harmonogram-komunikacji-2022-2\/\" rel=\"attachment wp-att-8962\"><img decoding=\"async\" width=\"1583\" height=\"749\" class=\"alignnone size-full wp-image-8962\" src=\"http:\/\/przyjaznadolinaraby.info\/2014-2020\/wp-content\/uploads\/2021\/12\/harmonogram-komunikacji-2022.png\" alt=\"\" srcset=\"https:\/\/przyjaznadolinaraby.info\/2014-2020\/wp-content\/uploads\/2021\/12\/harmonogram-komunikacji-2022.png 1583w, https:\/\/przyjaznadolinaraby.info\/2014-2020\/wp-content\/uploads\/2021\/12\/harmonogram-komunikacji-2022-300x142.png 300w, https:\/\/przyjaznadolinaraby.info\/2014-2020\/wp-content\/uploads\/2021\/12\/harmonogram-komunikacji-2022-1024x485.png 1024w\" sizes=\"(max-width: 1583px) 100vw, 1583px\" \/><\/a><\/p>\n<p><a href=\"https:\/\/docs.google.com\/spreadsheets\/d\/1WDVsn3ZEzIG-U7u1fx-PAP1T2LBvVKva\/edit?usp=sharing&amp;ouid=116599793592344562435&amp;rtpof=true&amp;sd=true\">Do pobrania<\/a><\/p>\n<p>&nbsp;<\/p>\n<p><span style=\"color: #000000;\"><b>Harmonogram realizacji planu komunikacji na rok 2022 ver.2<\/b><\/span><\/p>\n<p><a href=\"http:\/\/przyjaznadolinaraby.info\/2014-2020\/wp-content\/uploads\/2022\/09\/harmon-kom-2022-popr.jpg\"><img decoding=\"async\" class=\"alignnone size-full wp-image-10068\" src=\"http:\/\/przyjaznadolinaraby.info\/2014-2020\/wp-content\/uploads\/2022\/09\/harmon-kom-2022-popr.jpg\" alt=\"\" width=\"1475\" height=\"919\" srcset=\"https:\/\/przyjaznadolinaraby.info\/2014-2020\/wp-content\/uploads\/2022\/09\/harmon-kom-2022-popr.jpg 1475w, https:\/\/przyjaznadolinaraby.info\/2014-2020\/wp-content\/uploads\/2022\/09\/harmon-kom-2022-popr-300x187.jpg 300w, https:\/\/przyjaznadolinaraby.info\/2014-2020\/wp-content\/uploads\/2022\/09\/harmon-kom-2022-popr-1024x638.jpg 1024w\" sizes=\"(max-width: 1475px) 100vw, 1475px\" \/><\/a><\/p>\n<p><a href=\"http:\/\/przyjaznadolinaraby.info\/2014-2020\/wp-content\/uploads\/2022\/09\/plan-komunikacji-2022-pop.pdf\">Do pobrania PDF<\/a><\/p>\n<p><a href=\"http:\/\/przyjaznadolinaraby.info\/2014-2020\/wp-content\/uploads\/2022\/09\/plan-komunikacji-2022-pop.xlsx\">Do pobrania Excel<\/a><\/p>\n<p>&nbsp;<\/p>\n<p><span style=\"color: #000000;\"><b>Harmonogram realizacji planu komunikacji na rok 2023<\/b><\/span><\/p>\n<p><img decoding=\"async\" class=\"alignnone size-full wp-image-10374\" src=\"http:\/\/przyjaznadolinaraby.info\/2014-2020\/wp-content\/uploads\/2023\/01\/Harmonogram-naborow-2023-1.png\" alt=\"\" width=\"1551\" height=\"821\" srcset=\"https:\/\/przyjaznadolinaraby.info\/2014-2020\/wp-content\/uploads\/2023\/01\/Harmonogram-naborow-2023-1.png 1551w, https:\/\/przyjaznadolinaraby.info\/2014-2020\/wp-content\/uploads\/2023\/01\/Harmonogram-naborow-2023-1-300x159.png 300w, https:\/\/przyjaznadolinaraby.info\/2014-2020\/wp-content\/uploads\/2023\/01\/Harmonogram-naborow-2023-1-1024x542.png 1024w\" sizes=\"(max-width: 1551px) 100vw, 1551px\" \/><\/p>\n<p><a href=\"http:\/\/przyjaznadolinaraby.info\/2014-2020\/wp-content\/uploads\/2023\/01\/plan-komunikacji-2023.pdf\">Do pobrania PDF<\/a><\/p>\n<p><a href=\"http:\/\/przyjaznadolinaraby.info\/2014-2020\/wp-content\/uploads\/2023\/01\/plan-komunikacji-2023.xls\">Do pobrania Excel<\/a><\/p>\n<p><a href=\"https:\/\/przyjaznadolinaraby.info\/2014-2020\/wp-content\/uploads\/2024\/07\/harmonogram-2024-PROW-aktualizacja.pdf\">Harmonogram 2024 PROW-aktualizacja 24.04.2024<\/a><\/p>\n","protected":false},"excerpt":{"rendered":"<p>Harmonogram realizacji planu komunikacji na rok 2024 Do pobrania PDF Celem strategicznym planu komunikacji jest dotarcie do jak najwi\u0119kszej grupy potencjalnych wnioskodawc\u00f3w i beneficjent\u00f3w przedsi\u0119wzi\u0119\u0107 LSR ze szczeg\u00f3\u0142owymi, aktualnymi informacjami dotycz\u0105cymi zakresu, warunk\u00f3w, wysoko\u015bci mo\u017cliwego wsparcia finansowego w ramach LSR. Plan komunikacji b\u0119dzie monitorowany w spos\u00f3b ci\u0105g\u0142y. Co dwa lata przewidziana jest w ewaluacja, a <a href=\"https:\/\/przyjaznadolinaraby.info\/2014-2020\/plan-komunikacji\/\" class=\"more-link\">&#8230;<span class=\"screen-reader-text\">  Plan komunikacji (harmonogram komunikacji)<\/span><\/a><\/p>\n","protected":false},"author":6,"featured_media":0,"parent":0,"menu_order":9,"comment_status":"closed","ping_status":"closed","template":"","meta":{"_monsterinsights_skip_tracking":false,"_monsterinsights_sitenote_active":false,"_monsterinsights_sitenote_note":"","_monsterinsights_sitenote_category":0,"footnotes":""},"tags":[],"acf":[],"_links":{"self":[{"href":"https:\/\/przyjaznadolinaraby.info\/2014-2020\/wp-json\/wp\/v2\/pages\/77"}],"collection":[{"href":"https:\/\/przyjaznadolinaraby.info\/2014-2020\/wp-json\/wp\/v2\/pages"}],"about":[{"href":"https:\/\/przyjaznadolinaraby.info\/2014-2020\/wp-json\/wp\/v2\/types\/page"}],"author":[{"embeddable":true,"href":"https:\/\/przyjaznadolinaraby.info\/2014-2020\/wp-json\/wp\/v2\/users\/6"}],"replies":[{"embeddable":true,"href":"https:\/\/przyjaznadolinaraby.info\/2014-2020\/wp-json\/wp\/v2\/comments?post=77"}],"version-history":[{"count":11,"href":"https:\/\/przyjaznadolinaraby.info\/2014-2020\/wp-json\/wp\/v2\/pages\/77\/revisions"}],"predecessor-version":[{"id":10824,"href":"https:\/\/przyjaznadolinaraby.info\/2014-2020\/wp-json\/wp\/v2\/pages\/77\/revisions\/10824"}],"wp:attachment":[{"href":"https:\/\/przyjaznadolinaraby.info\/2014-2020\/wp-json\/wp\/v2\/media?parent=77"}],"wp:term":[{"taxonomy":"post_tag","embeddable":true,"href":"https:\/\/przyjaznadolinaraby.info\/2014-2020\/wp-json\/wp\/v2\/tags?post=77"}],"curies":[{"name":"wp","href":"https:\/\/api.w.org\/{rel}","templated":true}]}}