{"id":8024,"date":"2021-05-07T09:42:23","date_gmt":"2021-05-07T07:42:23","guid":{"rendered":"http:\/\/przyjaznadolinaraby.info\/2014-2020\/?page_id=8024"},"modified":"2022-09-13T23:24:58","modified_gmt":"2022-09-13T21:24:58","slug":"2021-2","status":"publish","type":"page","link":"https:\/\/przyjaznadolinaraby.info\/2014-2020\/2021-2\/","title":{"rendered":"2021"},"content":{"rendered":"\r\n<p><strong><a href=\"http:\/\/przyjaznadolinaraby.info\/2014-2020\/2020\/11\/12\/informacja-nr-3-2020-ow-o-planowanej-do-realizacji-operacji-wlasnej\/\">Operacja w\u0142asna 3\/2020\/OW\/1<\/a><\/strong><\/p>\r\n\r\n\r\n\r\n<p>Protok\u00f3\u0142 z Rady:<\/p>\r\n\r\n\r\n\r\n<p><a href=\"https:\/\/drive.google.com\/file\/d\/1vF19ytYMMzTkRQZOI7MF-NQkngToZAUo\/view?usp=sharing\">Protok\u00f3\u0142 nr XXVII<\/a><\/p>\r\n\r\n\r\n\r\n<p>&nbsp;<\/p>\r\n\r\n\r\n\r\n<p><strong><a href=\"http:\/\/przyjaznadolinaraby.info\/2014-2020\/2021\/05\/11\/nabor-nr-1-2021-podejmowanie-dzialalnosci-gospodarczejutworzenie-nowego-przedsiebiorstwa\/\">Nab\u00f3r nr 1\/2021-<\/a><\/strong>Podejmowanie dzia\u0142alno\u015bci gospodarczej(utworzenie nowego przedsi\u0119biorstwa)<\/p>\r\n\r\n\r\n\r\n<p>Protok\u00f3\u0142 z Rady:\u00a0<a href=\"https:\/\/drive.google.com\/file\/d\/1escy_lR5FQ0ickjwZx0pjUPPSm-SU4m7\/view\">Protok\u00f3\u0142 nr XXVIII<\/a><\/p>\r\n\r\n\r\n\r\n<p>Listy:<\/p>\r\n\r\n\r\n\r\n<p><a href=\"https:\/\/drive.google.com\/file\/d\/1aZ78vSd8F-Ya8NxIYb-Z6DzMpjcRnImd\/view?usp=sharing\">Lista operacji zgodnych z og\u0142oszeniem o naborze i zgodnych z LSR nab\u00f3r nr 1\/2021<\/a><\/p>\r\n\r\n\r\n\r\n<p><a href=\"https:\/\/drive.google.com\/file\/d\/13dccaUbTw6DNBQRa4wviRyrk-vAu4WBK\/view?usp=sharing\">Lista operacji wybranych, nab\u00f3r nr 1\/2021<\/a><\/p>\r\n\r\n\r\n\r\n<p>&nbsp;<\/p>\r\n\r\n\r\n\r\n<p><strong><a href=\"http:\/\/przyjaznadolinaraby.info\/2014-2020\/2021\/05\/11\/nabor-nr-2-2021-podejmowanie-dzialalnosci-gospodarczejutworzenie-nowego-przedsiebiorstwa-w-turystyce\/\">Nab\u00f3r nr 2\/2021-<\/a><\/strong>Podejmowanie dzia\u0142alno\u015bci gospodarczej(utworzenie nowego przedsi\u0119biorstwa)<\/p>\r\n\r\n\r\n\r\n<p><strong>Brak wniosk\u00f3w<\/strong><\/p>\r\n\r\n\r\n\r\n<p>&nbsp;<\/p>\r\n\r\n\r\n\r\n<p><strong><a href=\"http:\/\/przyjaznadolinaraby.info\/2014-2020\/2021\/05\/11\/nabor-nr-3-2021-rozwijanie-dzialalnosci-gospodarczej\/\">Nab\u00f3r nr 3\/2021-<\/a><\/strong>Rozwijanie dzia\u0142alno\u015bci gospodarczej<\/p>\r\n\r\n\r\n\r\n<p>Protok\u00f3\u0142 z Rady:\u00a0<a href=\"https:\/\/drive.google.com\/file\/d\/1escy_lR5FQ0ickjwZx0pjUPPSm-SU4m7\/view\">Protok\u00f3\u0142 nr XXVIII<\/a><\/p>\r\n\r\n\r\n\r\n<p>Listy:<\/p>\r\n\r\n\r\n\r\n<p><a href=\"https:\/\/drive.google.com\/file\/d\/17H9r8JO8HylJwb6bYONXjwx8x51HQ3-F\/view?usp=sharing\">Lista operacji zgodnych z og\u0142oszeniem o naborze i zgodnych z LSR nab\u00f3r nr 3\/2021<\/a><\/p>\r\n\r\n\r\n\r\n<p><a href=\"https:\/\/drive.google.com\/file\/d\/1G3gyRLegGKOZip4S6yZqq7xxmh2W_AkQ\/view?usp=sharing\">Lista operacji wybranych, nab\u00f3r nr 3\/2021<\/a><\/p>\r\n\r\n\r\n\r\n<p>&nbsp;<\/p>\r\n\r\n<p><strong>Sprostowanie oczywistych omy\u0142ek rachunkowych 28.09.2021<\/strong><\/p>\r\n<p><a href=\"https:\/\/drive.google.com\/file\/d\/1FbK7AcwvbmdctU64iuHTWQ8NmwP5hWZ8\/view?usp=sharing\">PROTOK\u00d3\u0141 XXX<\/a><\/p>\r\n<p><a href=\"https:\/\/drive.google.com\/file\/d\/1QNtKKothfaA3HDvJyuhCe65MmiMN0n7g\/view?usp=sharing\"><strong>Lista operacji wybranych, nab\u00f3r nr 3\/2021<\/strong><\/a><\/p>\r\n\r\n<p>&nbsp;<\/p>\r\n\r\n\r\n\r\n<p><strong><a href=\"http:\/\/przyjaznadolinaraby.info\/2014-2020\/2021\/05\/11\/nabor-nr-4-2021-promowanie-obszaru-objetego-lsr-w-tym-produktow-lub-uslug-lokalnychwydarzenia-rekreacyjno-sportowe\/\">Nab\u00f3r nr 4\/2021-<\/a><\/strong>Promowanie obszaru obj\u0119tego LSR, w tym produkt\u00f3w lub us\u0142ug lokalnych(wydarzenia rekreacyjno-sportowe)<\/p>\r\n\r\n\r\n\r\n<p>Protok\u00f3\u0142 z Rady:\u00a0<a href=\"https:\/\/drive.google.com\/file\/d\/1escy_lR5FQ0ickjwZx0pjUPPSm-SU4m7\/view\">Protok\u00f3\u0142 nr XXVIII<\/a><\/p>\r\n\r\n\r\n\r\n<p>Listy:<\/p>\r\n\r\n\r\n\r\n<p><a href=\"https:\/\/drive.google.com\/file\/d\/1UuCWedE4tMJxAmc2hln1h2rvXab4qm7B\/view?usp=sharing\">Lista operacji zgodnych z og\u0142oszeniem o naborze i zgodnych z LSR nab\u00f3r nr 4\/2021<\/a><\/p>\r\n\r\n\r\n\r\n<p><a href=\"https:\/\/drive.google.com\/file\/d\/15HEeFEe_viKLlyDdkrNu_UcMnoTwanzE\/view?usp=sharing\">Lista operacji wybranych, nab\u00f3r nr 4\/2021<\/a><\/p>\r\n","protected":false},"excerpt":{"rendered":"<p>Operacja w\u0142asna 3\/2020\/OW\/1 Protok\u00f3\u0142 z Rady: Protok\u00f3\u0142 nr XXVII &nbsp; Nab\u00f3r nr 1\/2021-Podejmowanie dzia\u0142alno\u015bci gospodarczej(utworzenie nowego przedsi\u0119biorstwa) Protok\u00f3\u0142 z Rady:\u00a0Protok\u00f3\u0142 nr XXVIII Listy: Lista operacji zgodnych z og\u0142oszeniem o naborze i zgodnych z LSR nab\u00f3r nr 1\/2021 Lista operacji wybranych, nab\u00f3r nr 1\/2021 &nbsp; Nab\u00f3r nr 2\/2021-Podejmowanie dzia\u0142alno\u015bci gospodarczej(utworzenie nowego przedsi\u0119biorstwa) Brak wniosk\u00f3w &nbsp; Nab\u00f3r <a href=\"https:\/\/przyjaznadolinaraby.info\/2014-2020\/2021-2\/\" class=\"more-link\">&#8230;<span class=\"screen-reader-text\">  2021<\/span><\/a><\/p>\n","protected":false},"author":6,"featured_media":0,"parent":0,"menu_order":0,"comment_status":"closed","ping_status":"closed","template":"","meta":{"_monsterinsights_skip_tracking":false,"_monsterinsights_sitenote_active":false,"_monsterinsights_sitenote_note":"","_monsterinsights_sitenote_category":0,"footnotes":""},"tags":[],"acf":[],"_links":{"self":[{"href":"https:\/\/przyjaznadolinaraby.info\/2014-2020\/wp-json\/wp\/v2\/pages\/8024"}],"collection":[{"href":"https:\/\/przyjaznadolinaraby.info\/2014-2020\/wp-json\/wp\/v2\/pages"}],"about":[{"href":"https:\/\/przyjaznadolinaraby.info\/2014-2020\/wp-json\/wp\/v2\/types\/page"}],"author":[{"embeddable":true,"href":"https:\/\/przyjaznadolinaraby.info\/2014-2020\/wp-json\/wp\/v2\/users\/6"}],"replies":[{"embeddable":true,"href":"https:\/\/przyjaznadolinaraby.info\/2014-2020\/wp-json\/wp\/v2\/comments?post=8024"}],"version-history":[{"count":1,"href":"https:\/\/przyjaznadolinaraby.info\/2014-2020\/wp-json\/wp\/v2\/pages\/8024\/revisions"}],"predecessor-version":[{"id":9976,"href":"https:\/\/przyjaznadolinaraby.info\/2014-2020\/wp-json\/wp\/v2\/pages\/8024\/revisions\/9976"}],"wp:attachment":[{"href":"https:\/\/przyjaznadolinaraby.info\/2014-2020\/wp-json\/wp\/v2\/media?parent=8024"}],"wp:term":[{"taxonomy":"post_tag","embeddable":true,"href":"https:\/\/przyjaznadolinaraby.info\/2014-2020\/wp-json\/wp\/v2\/tags?post=8024"}],"curies":[{"name":"wp","href":"https:\/\/api.w.org\/{rel}","templated":true}]}}