{"id":9012,"date":"2022-01-24T15:06:00","date_gmt":"2022-01-24T14:06:00","guid":{"rendered":"http:\/\/przyjaznadolinaraby.info\/2014-2020\/?page_id=9012"},"modified":"2022-09-13T21:58:05","modified_gmt":"2022-09-13T19:58:05","slug":"ewaluacja","status":"publish","type":"page","link":"https:\/\/przyjaznadolinaraby.info\/2014-2020\/ewaluacja\/","title":{"rendered":"Ewaluacja"},"content":{"rendered":"\r\n<ul>\r\n<li><a href=\"https:\/\/drive.google.com\/file\/d\/1BoRpD3kN1rCvBcmIfcNUoVi4ftNlTlDw\/view?usp=sharing\">Ewaluacja zewn\u0119trzna ma\u0142opolskich lokalnych strategii rozwoju<\/a><\/li>\r\n<li><a href=\"https:\/\/drive.google.com\/file\/d\/1BoRpD3kN1rCvBcmIfcNUoVi4ftNlTlDw\/view?usp=sharing\">Lokalna Grupa Dzia\u0142ania Stowarzyszenie Przyjazna Dolina Raby i Czarnej Orawy 2021<\/a><\/li>\r\n<\/ul>\r\n<p><strong>Poni\u017cej link do filmu o ma\u0142opolskim Leaderze:<\/strong><\/p>\r\n\r\n\r\n\r\n<p>Ca\u0142o\u015b\u0107: <a href=\"https:\/\/www.youtube.com\/watch?v=qcgwML2uhUw\">https:\/\/www.youtube.com\/watch?v=qcgwML2uhUw<\/a><\/p>\r\n\r\n\r\n\r\n<p>Prezentacja: <a href=\"https:\/\/www.youtube.com\/watch?v=6jUFHAv8AFM&amp;t=6s\">https:\/\/www.youtube.com\/watch?v=6jUFHAv8AFM&amp;t=6s<\/a><\/p>\r\n\r\n\r\n\r\n<p>Wypowiedzi: <a href=\"https:\/\/www.youtube.com\/watch?v=19zCtmnoDvc&amp;t=2s\">https:\/\/www.youtube.com\/watch?v=19zCtmnoDvc&amp;t=2s<\/a><\/p>\r\n\r\n\r\n\r\n<p>Projekty: <a href=\"https:\/\/www.youtube.com\/watch?v=YiZvELFbpeg\">https:\/\/www.youtube.com\/watch?v=YiZvELFbpeg<\/a><\/p>\r\n","protected":false},"excerpt":{"rendered":"<p>Ewaluacja zewn\u0119trzna ma\u0142opolskich lokalnych strategii rozwoju Lokalna Grupa Dzia\u0142ania Stowarzyszenie Przyjazna Dolina Raby i Czarnej Orawy 2021 Poni\u017cej link do filmu o ma\u0142opolskim Leaderze: Ca\u0142o\u015b\u0107: https:\/\/www.youtube.com\/watch?v=qcgwML2uhUw Prezentacja: https:\/\/www.youtube.com\/watch?v=6jUFHAv8AFM&amp;t=6s Wypowiedzi: https:\/\/www.youtube.com\/watch?v=19zCtmnoDvc&amp;t=2s Projekty: https:\/\/www.youtube.com\/watch?v=YiZvELFbpeg<\/p>\n","protected":false},"author":6,"featured_media":0,"parent":0,"menu_order":0,"comment_status":"closed","ping_status":"closed","template":"","meta":{"_monsterinsights_skip_tracking":false,"_monsterinsights_sitenote_active":false,"_monsterinsights_sitenote_note":"","_monsterinsights_sitenote_category":0,"footnotes":""},"tags":[],"acf":[],"_links":{"self":[{"href":"https:\/\/przyjaznadolinaraby.info\/2014-2020\/wp-json\/wp\/v2\/pages\/9012"}],"collection":[{"href":"https:\/\/przyjaznadolinaraby.info\/2014-2020\/wp-json\/wp\/v2\/pages"}],"about":[{"href":"https:\/\/przyjaznadolinaraby.info\/2014-2020\/wp-json\/wp\/v2\/types\/page"}],"author":[{"embeddable":true,"href":"https:\/\/przyjaznadolinaraby.info\/2014-2020\/wp-json\/wp\/v2\/users\/6"}],"replies":[{"embeddable":true,"href":"https:\/\/przyjaznadolinaraby.info\/2014-2020\/wp-json\/wp\/v2\/comments?post=9012"}],"version-history":[{"count":1,"href":"https:\/\/przyjaznadolinaraby.info\/2014-2020\/wp-json\/wp\/v2\/pages\/9012\/revisions"}],"predecessor-version":[{"id":9902,"href":"https:\/\/przyjaznadolinaraby.info\/2014-2020\/wp-json\/wp\/v2\/pages\/9012\/revisions\/9902"}],"wp:attachment":[{"href":"https:\/\/przyjaznadolinaraby.info\/2014-2020\/wp-json\/wp\/v2\/media?parent=9012"}],"wp:term":[{"taxonomy":"post_tag","embeddable":true,"href":"https:\/\/przyjaznadolinaraby.info\/2014-2020\/wp-json\/wp\/v2\/tags?post=9012"}],"curies":[{"name":"wp","href":"https:\/\/api.w.org\/{rel}","templated":true}]}}