{"id":10365,"date":"2023-01-18T11:17:36","date_gmt":"2023-01-18T10:17:36","guid":{"rendered":"http:\/\/przyjaznadolinaraby.info\/nowaperspektywa\/?page_id=10365"},"modified":"2024-07-11T15:41:22","modified_gmt":"2024-07-11T13:41:22","slug":"deklaracja-dostepnosci","status":"publish","type":"page","link":"https:\/\/przyjaznadolinaraby.info\/nowaperspektywa\/deklaracja-dostepnosci\/","title":{"rendered":"Deklaracja dost\u0119pno\u015bci"},"content":{"rendered":"<p><strong>Deklaracja dost\u0119pno\u015bci<\/strong><\/p>\n<p>Deklaracja Dost\u0119pno\u015bci dla strony internetowej https:\/\/przyjaznadolinaraby.info\/<\/p>\n<p>Stowarzyszenie Przyjazna Dolina Raby i Czarnej Orawy zobowi\u0105zuje si\u0119 zapewni\u0107 dost\u0119pno\u015b\u0107 swojej strony internetowej zgodnie z przepisami ustawy z dnia 4 kwietnia 2019 r. o dost\u0119pno\u015bci cyfrowej stron internetowych i aplikacji mobilnych podmiot\u00f3w publicznych. O\u015bwiadczenie w sprawie dost\u0119pno\u015bci ma zastosowanie do strony internetowej Stowarzyszenia Przyjazna Dolina Raby i Czarnej Orawy .<\/p>\n<ul>\n<li>Data publikacji strony internetowej: 01.09.2016<\/li>\n<li>Data ostatniej istotnej aktualizacji: 10.05.2024<\/li>\n<\/ul>\n<p><strong>Status zgodno\u015bci z ustaw\u0105<\/strong><\/p>\n<p>Strona internetowa jest cz\u0119\u015bciowo zgodna z ustaw\u0105 z dnia 4 kwietnia 2019 r. o dost\u0119pno\u015bci cyfrowej stron internetowych i aplikacji mobilnych podmiot\u00f3w publicznych z powodu niezgodno\u015bci lub wy\u0142\u0105cze\u0144 wymienionych poni\u017cej.<\/p>\n<p>Cz\u0119\u015b\u0107 za\u0142\u0105czonych dokument\u00f3w mo\u017ce nie posiada\u0107 warstwy tekstowej &#8211; s\u0105 skanami dokument\u00f3w.<br \/>\nCz\u0119\u015b\u0107 za\u0142\u0105czonych plik\u00f3w graficznych nie posiada opis\u00f3w alternatywnych.<br \/>\nCz\u0119\u015b\u0107 za\u0142\u0105czonych dokument\u00f3w mo\u017ce nie posiada\u0107 prawid\u0142owej struktury np. hierarchii nag\u0142\u00f3wk\u00f3w.<\/p>\n<h3>Spe\u0142nione zosta\u0142y nast\u0119puj\u0105ce wymagania<\/h3>\n<div>\n<ul>\n<li>Serwis WWW wyposa\u017cony jest w mechanizm, umo\u017cliwiaj\u0105cy uruchomienie go w trybie wysokiego kontrastu (tzw. wersja dla s\u0142abowidz\u0105cych).<\/li>\n<li>Serwis WWW udost\u0119pnia mechanizm dwustopniowego powi\u0119kszania czcionki ka\u017cdego elementu serwisu, na ka\u017cdej stronie.<\/li>\n<li>Serwis WWW zawiera wyr\u00f3\u017cnienie wizualne link\u00f3w. Dodatkowo, za pomoc\u0105 kolorowej ramki wyr\u00f3\u017cnione s\u0105 elementy aktywne, na kt\u00f3rych zatrzyma\u0142 si\u0119 fokus.<\/li>\n<li>Naciskaj\u0105c klawisz TAB, w pierwszej kolejno\u015bci wy\u015bwietlaj\u0105 si\u0119 tzw. skip linki, umo\u017cliwiaj\u0105ce szybkie przej\u015bcie do tre\u015bci g\u0142\u00f3wnej, menu g\u0142\u00f3wnego i dodatkowego, wyszukiwarki, a tak\u017ce uruchomi\u0107 wersj\u0119 kontrastow\u0105 serwisu WWW.<\/li>\n<li>Ka\u017cda z akcji, kt\u00f3r\u0105 umo\u017cliwiaj\u0105 tzw. skip linki (opisane w poprzednim punkcie) mo\u017cliwa jest do wywo\u0142ania poprzez skr\u00f3t klawiszowy ALT + cyfra. Opis skr\u00f3t\u00f3w klawiszowych znajduje si\u0119 w dalszej cz\u0119\u015bci deklaracji.<\/li>\n<li>Tytu\u0142y poszczeg\u00f3lnych stron serwisu WWW posiadaj\u0105 prawid\u0142ow\u0105 struktur\u0119 w postaci odpowiednio przygotowanych nag\u0142\u00f3wk\u00f3w typu h1, h2, h3 itd, w odpowiedniej kolejno\u015bci.<\/li>\n<li>Brak typowego &#8222;efektu j\u0105kania&#8221;. Ka\u017cdy z link\u00f3w typu &#8222;czytaj dalej&#8221;, &#8222;wi\u0119cej&#8221; itd. posiada ukryty tekst (widoczny jednak dla czytnik\u00f3w) z tytu\u0142em konkretnej strony czy artyku\u0142u, do kt\u00f3rego prowadzi. Dzi\u0119ki temu rozwi\u0105zaniu rola link\u00f3w jest zrozumia\u0142a dla u\u017cytkownik\u00f3w. Patrz r\u00f3wnie\u017c punkt 12 listy wymaga\u0144, kt\u00f3re nie zosta\u0142y spe\u0142nione.<\/li>\n<li>Ka\u017cdy z pozosta\u0142ych aktywnych element\u00f3w posiada atrybut title wraz z opisem akcji, kt\u00f3r\u0105 wykonuje.<\/li>\n<li>Wszystkie elementy aktywne w serwisie s\u0105 dost\u0119pne za pomoc\u0105 klawiatury.<\/li>\n<li>Na stronie nie ma pu\u0142apki klawiaturowej.<\/li>\n<li>W serwisie nie ma element\u00f3w, kt\u00f3re powoduj\u0105 gwa\u0142towne zmiany jasno\u015bci lub szybko b\u0142yskaj\u0105 na czerwono.<\/li>\n<li>W serwisie nie ma element\u00f3w uruchamiaj\u0105cych d\u017awi\u0119k, kt\u00f3rego nie da si\u0119 zatrzyma\u0107.<\/li>\n<li>Na stronie nie ma migaj\u0105cych lub poruszaj\u0105cych si\u0119 element\u00f3w, kt\u00f3rych nie da si\u0119 zatrzyma\u0107 lub ukry\u0107.<\/li>\n<li>W serwisie nie ma mechanizmu otwieraj\u0105cego nowe okno bez udzia\u0142u u\u017cytkownika.<\/li>\n<li>Serwis WWW zawiera wyszukiwark\u0119. Mechanizmy te dost\u0119pne s\u0105 bezpo\u015brednio ze strony g\u0142\u00f3wnej.<\/li>\n<li>Zachowana jest sp\u00f3jno\u015b\u0107 uk\u0142adu i dzia\u0142ania pask\u00f3w menu i innych element\u00f3w nawigacyjnych na r\u00f3\u017cnych stronach w serwisie.<\/li>\n<li>Nawigacja za pomoc\u0105 klawiatury odbywa si\u0119 w logicznej kolejno\u015bci w stosunku do zawarto\u015bci strony.<\/li>\n<li>U\u017cytkownik serwisu nie jest zmuszony do rozpoznania koloru podczas korzystania z niego.<\/li>\n<li>Na stronie nie wykorzystuje si\u0119 informacji, kt\u00f3rych zrozumienie opiera si\u0119 wy\u0142\u0105czenie na w\u0142a\u015bciwo\u015bciach zmys\u0142owych.<\/li>\n<li>W serwisie WWW nie wyst\u0119puj\u0105 dane tabelaryczne, kt\u00f3re prezentowane s\u0105 w innych ni\u017c tabele elementach HTML, ale stylizowanych na tabele.<\/li>\n<li>Linki maj\u0105ce podobne funkcje s\u0105 zgrupowane w kodzie HTML.<\/li>\n<li>Zachowana jest sp\u00f3jno\u015b\u0107 i kolejno\u015b\u0107 link\u00f3w w ca\u0142ym serwisie.<\/li>\n<li>Zastosowane opisy w atrybutach alt s\u0105 odpowiednio zwi\u0119z\u0142e, zachowana jest r\u00f3wnie\u017c sp\u00f3jno\u015b\u0107 pomi\u0119dzy poszczeg\u00f3lnymi opisami w atrybutach alt i title.<\/li>\n<li>Graficzne elementy czysto dekoracyjne posiadaj\u0105 pusty atrybut alt.<\/li>\n<li>Wszystkie pola formularzy s\u0105 poprawnie i jednoznacznie zidentyfikowane. Ka\u017cdy z nich posiada odpowiednio uzupe\u0142niony atrybut title lub label.<\/li>\n<li>Umiejscowienie etykiet p\u00f3l formularzy nie pozostawia \u017cadnych w\u0105tpliwo\u015bci, co do tego kt\u00f3rych p\u00f3l dotycz\u0105.<\/li>\n<li>Zmiana odst\u0119p\u00f3w pomi\u0119dzy liniami, akapitami, znakami i wyrazami nie powoduje utraty czytelno\u015bci.<\/li>\n<li>Na stronie nie ma element\u00f3w osadzonych w znacznikach blink, bgsound lub marquee.<\/li>\n<li>Na stronie nie ma symboli typu ASCII-Art bez zrozumia\u0142ej alternatywy.<\/li>\n<li>Serwis przechodzi test walidatorem HTML W3C.<\/li>\n<li>Ka\u017cda strona serwisu WWW ma poprawn\u0105 deklaracj\u0119 j\u0119zyka.<\/li>\n<li>Na ka\u017cdej stronie serwisu WWW jest przynajmniej jeden nag\u0142\u00f3wek h1.<\/li>\n<li>W kodzie strony nie ma element\u00f3w HTML s\u0142u\u017c\u0105cych prezentacji takich jak: center, border, align.<\/li>\n<li>Strony zawieraj\u0105 poprawn\u0105 deklaracj\u0119 DTD.<\/li>\n<li>W serwisie nie ma mechanizmu automatycznie od\u015bwie\u017caj\u0105cego stron\u0119 b\u0105d\u017a te\u017c przekierowuj\u0105cego do innego serwisu WWW.<\/li>\n<li>Znaczniki HTML s\u0105 u\u017cyte zgodnie z ich przeznaczeniem. Do warstwy prezentacyjnej zosta\u0142y zastosowane arkusze styl\u00f3w.<\/li>\n<li>Ramki iframe u\u017cyte w serwisie maj\u0105 atrybut title.<\/li>\n<li>W miejscach, gdzie skrypt zmienia zawarto\u015b\u0107 nietekstow\u0105 na stronie, zmieniany jest r\u00f3wnie\u017c tekst alternatywny dla tej zawarto\u015bci.<\/li>\n<li>Ramka fokusa pod\u015bwietlaj\u0105ca dany element nie jest usuwana za pomoc\u0105 skryptu.<\/li>\n<li>Elementy generowane dynamicznie, przez skrypty r\u00f3wnie\u017c s\u0105 dost\u0119pne.<\/li>\n<\/ul>\n<\/div>\n<div><\/div>\n<ul>\n<li><\/li>\n<\/ul>\n<p><strong>O\u015bwiadczenie sporz\u0105dzono dnia: 2022-12-12.<\/strong><\/p>\n<p>Deklaracj\u0119 sporz\u0105dzono na podstawie przeprowadzonej przez pracownik\u00f3w samooceny.<\/p>\n<p><strong>Data ostatniego przegl\u0105du deklaracji: 2022-12-12.<\/strong><\/p>\n<p><strong>Skr\u00f3ty klawiaturowe<\/strong><\/p>\n<p>Na stronie internetowej mo\u017cna u\u017cywa\u0107 standardowych skr\u00f3t\u00f3w klawiaturowych przegl\u0105darki<\/p>\n<p><strong>Informacje zwrotne i dane kontaktowe<\/strong><\/p>\n<p>W przypadku problem\u00f3w z dost\u0119pno\u015bci\u0105 strony internetowej prosimy o kontakt. Osob\u0105 kontaktow\u0105 jest Sylwia Krazuzowicz., lgd.rokiciny@interia.pl Kontaktowa\u0107 mo\u017cna si\u0119 tak\u017ce dzwoni\u0105c na numer telefonu 18 26 78 648. T\u0105 sam\u0105 drog\u0105 mo\u017cna sk\u0142ada\u0107 wnioski o udost\u0119pnienie informacji niedost\u0119pnej oraz sk\u0142ada\u0107 skargi na brak zapewnienia dost\u0119pno\u015bci.<\/p>\n<p><strong>Obs\u0142uga wniosk\u00f3w i skarg zwi\u0105zanych z dost\u0119pno\u015bci\u0105<\/strong><\/p>\n<p>Ka\u017cdy ma prawo do wyst\u0105pienia z \u017c\u0105daniem zapewnienia dost\u0119pno\u015bci cyfrowej strony internetowej, aplikacji mobilnej lub jakiego\u015b ich elementu. Mo\u017cna tak\u017ce za\u017c\u0105da\u0107 udost\u0119pnienia informacji za pomoc\u0105 alternatywnego sposobu dost\u0119pu, na przyk\u0142ad przez odczytanie niedost\u0119pnego cyfrowo dokumentu, opisanie zawarto\u015bci filmu bez audiodeskrypcji itp. \u017b\u0105danie powinno zawiera\u0107 dane osoby zg\u0142aszaj\u0105cej \u017c\u0105danie, wskazanie, o kt\u00f3r\u0105 stron\u0119 internetow\u0105 lub aplikacj\u0119 mobiln\u0105 chodzi oraz spos\u00f3b kontaktu. Je\u017celi osoba \u017c\u0105daj\u0105ca zg\u0142asza potrzeb\u0119 otrzymania informacji za pomoc\u0105 alternatywnego sposobu dost\u0119pu, powinna tak\u017ce okre\u015bli\u0107 dogodny dla niej spos\u00f3b przedstawienia tej informacji. Podmiot publiczny powinien zrealizowa\u0107 \u017c\u0105danie niezw\u0142ocznie, nie p\u00f3\u017aniej ni\u017c w ci\u0105gu 7 dni od dnia wyst\u0105pienia z \u017c\u0105daniem. Je\u017celi dotrzymanie tego terminu nie jest mo\u017cliwe, podmiot publiczny niezw\u0142ocznie informuje o tym wnosz\u0105cego \u017c\u0105danie, kiedy realizacja \u017c\u0105dania b\u0119dzie mo\u017cliwa, przy czym termin ten nie mo\u017ce by\u0107 d\u0142u\u017cszy ni\u017c 2 miesi\u0105ce od dnia wyst\u0105pienia z \u017c\u0105daniem. Je\u017celi zapewnienie dost\u0119pno\u015bci cyfrowej nie jest mo\u017cliwe, podmiot publiczny mo\u017ce zaproponowa\u0107 alternatywny spos\u00f3b dost\u0119pu do informacji. W przypadku, gdy podmiot publiczny odm\u00f3wi realizacji \u017c\u0105dania zapewnienia dost\u0119pno\u015bci lub alternatywnego sposobu dost\u0119pu do informacji, wnosz\u0105cy \u017c\u0105danie mo\u017cne z\u0142o\u017cy\u0107 skarg\u0119 w sprawie zapewniana dost\u0119pno\u015bci cyfrowej strony internetowej, aplikacji mobilnej lub elementu strony internetowej, lub aplikacji mobilnej. Po wyczerpaniu wskazanej wy\u017cej procedury mo\u017cna tak\u017ce z\u0142o\u017cy\u0107 wniosek do Rzecznika Praw Obywatelskich.<\/p>\n<p><a href=\"https:\/\/www.rpo.gov.pl\/content\/jak-zglosic-sie-do-rzecznika-praw-obywatelskich\">Strona internetowa Rzecznika Praw Obywatelskich<\/a><\/p>\n<p><strong>Dost\u0119pno\u015b\u0107 architektoniczna<\/strong><\/p>\n<p>Adres:<\/p>\n<p>Wojew\u00f3dztwo: ma\u0142opolskie<\/p>\n<p>Powiat: nowotarski<\/p>\n<p>Gmina: Raba Wy\u017cna<\/p>\n<p>Miejscowo\u015b\u0107: Sieniawa 8B<\/p>\n<p>Kod pocztowy: 34-723<\/p>\n<p>Wej\u015bcie do budynku jest dostosowane do potrzeb os\u00f3b maj\u0105cych niepe\u0142nosprawno\u015b\u0107 ruchow\u0105 (tj. wej\u015bcie przystosowane do w\u00f3zk\u00f3w inwalidzkich). Biuro znajduj\u0119 si\u0119 na pierwszym pi\u0119trze. W budynku jest winda. Biuro sk\u0142ada si\u0119 z 3 pomieszcze\u0144, w tym dw\u00f3ch pomieszcze\u0144 biurowych: biuro dyrektora, obs\u0142uga administracyjna, gdzie przyjmowani s\u0105 interesanci oraz pomieszczenie socjalne. W biurze znajduje si\u0119 toaleta, kt\u00f3ra jest dostosowana dla os\u00f3b niepe\u0142nosprawnych. Biuro nie posiada przeszk\u00f3d architektonicznych w postaci prog\u00f3w, uskok\u00f3w itp.<\/p>\n<p>Dla os\u00f3b na w\u00f3zkach dost\u0119pne s\u0105 korytarze i drzwi o odpowiedniej szeroko\u015bci oraz winda. W biurze jest p\u0119tla indukcyjna. Brak jest \u015bcie\u017cek naprowadzaj\u0105cych dla os\u00f3b niewidomych\/s\u0142abowidz\u0105cych, schody s\u0105 wyposa\u017cone w kontrastowe oznaczenia. Wej\u015bcie do poszczeg\u00f3lnych gabinet\u00f3w i toaleta jest oznaczona tabliczkami z napisami alfabetem Braille\u00b4a dla os\u00f3b niewidomych. Do biura mo\u017ce wej\u015b\u0107 osoba z psem asystuj\u0105cym i psem przewodnikiem.<\/p>\n<p>Jest mo\u017cliwo\u015b\u0107 skorzystania z t\u0142umaczenia j\u0119zyka migowego\u00a0 dzi\u0119ki zainstalowanej aplikacji na telefonie s\u0142u\u017cbowym. W<\/p>\n<p><strong>Parking<\/strong><\/p>\n<p>Przy budynku biura Stowarzyszenie Przyjazna Dolina Raby i Czarnej Orawy znajduje si\u0119 parking z wyznaczonym miejscem dla os\u00f3b niepe\u0142nosprawnych.<\/p>\n<p>Parking jest bezp\u0142atny.<\/p>\n<p>&nbsp;<\/p>\n<p>&nbsp;<\/p>\n<p><strong>Aplikacje mobilne<\/strong><\/p>\n<p>Brak<\/p>\n<p><strong>\u00a0<\/strong><\/p>\n<p><strong>Dodatkowe informacje<\/strong><\/p>\n<p>&#8211;<\/p>\n<p>&nbsp;<\/p>\n","protected":false},"excerpt":{"rendered":"<p>Deklaracja dost\u0119pno\u015bci Deklaracja Dost\u0119pno\u015bci dla strony internetowej https:\/\/przyjaznadolinaraby.info\/ Stowarzyszenie Przyjazna Dolina Raby i Czarnej Orawy zobowi\u0105zuje si\u0119 zapewni\u0107 dost\u0119pno\u015b\u0107 swojej strony internetowej zgodnie z przepisami ustawy z dnia 4 kwietnia 2019 r. o dost\u0119pno\u015bci cyfrowej stron internetowych i aplikacji mobilnych podmiot\u00f3w publicznych. O\u015bwiadczenie w sprawie dost\u0119pno\u015bci ma zastosowanie do strony internetowej Stowarzyszenia Przyjazna Dolina Raby <a href=\"https:\/\/przyjaznadolinaraby.info\/nowaperspektywa\/deklaracja-dostepnosci\/\" class=\"more-link\">&#8230;<span class=\"screen-reader-text\">  Deklaracja dost\u0119pno\u015bci<\/span><\/a><\/p>\n","protected":false},"author":6,"featured_media":0,"parent":0,"menu_order":0,"comment_status":"closed","ping_status":"closed","template":"","meta":{"_monsterinsights_skip_tracking":false,"_monsterinsights_sitenote_active":false,"_monsterinsights_sitenote_note":"","_monsterinsights_sitenote_category":0,"footnotes":""},"tags":[],"acf":[],"_links":{"self":[{"href":"https:\/\/przyjaznadolinaraby.info\/nowaperspektywa\/wp-json\/wp\/v2\/pages\/10365"}],"collection":[{"href":"https:\/\/przyjaznadolinaraby.info\/nowaperspektywa\/wp-json\/wp\/v2\/pages"}],"about":[{"href":"https:\/\/przyjaznadolinaraby.info\/nowaperspektywa\/wp-json\/wp\/v2\/types\/page"}],"author":[{"embeddable":true,"href":"https:\/\/przyjaznadolinaraby.info\/nowaperspektywa\/wp-json\/wp\/v2\/users\/6"}],"replies":[{"embeddable":true,"href":"https:\/\/przyjaznadolinaraby.info\/nowaperspektywa\/wp-json\/wp\/v2\/comments?post=10365"}],"version-history":[{"count":6,"href":"https:\/\/przyjaznadolinaraby.info\/nowaperspektywa\/wp-json\/wp\/v2\/pages\/10365\/revisions"}],"predecessor-version":[{"id":11392,"href":"https:\/\/przyjaznadolinaraby.info\/nowaperspektywa\/wp-json\/wp\/v2\/pages\/10365\/revisions\/11392"}],"wp:attachment":[{"href":"https:\/\/przyjaznadolinaraby.info\/nowaperspektywa\/wp-json\/wp\/v2\/media?parent=10365"}],"wp:term":[{"taxonomy":"post_tag","embeddable":true,"href":"https:\/\/przyjaznadolinaraby.info\/nowaperspektywa\/wp-json\/wp\/v2\/tags?post=10365"}],"curies":[{"name":"wp","href":"https:\/\/api.w.org\/{rel}","templated":true}]}}