{"id":11218,"date":"2024-03-11T15:06:21","date_gmt":"2024-03-11T14:06:21","guid":{"rendered":"https:\/\/przyjaznadolinaraby.info\/nowaperspektywa\/?page_id=11218"},"modified":"2026-01-28T10:15:51","modified_gmt":"2026-01-28T09:15:51","slug":"lokalna-strategia-rozwoju-na-lata-2023-2029","status":"publish","type":"page","link":"https:\/\/przyjaznadolinaraby.info\/nowaperspektywa\/lokalna-strategia-rozwoju-na-lata-2023-2029\/","title":{"rendered":"LOKALNA STRATEGIA ROZWOJU na lata 2023\u20132029"},"content":{"rendered":"<p><a href=\"https:\/\/przyjaznadolinaraby.info\/nowaperspektywa\/wp-content\/uploads\/2026\/01\/LSR_do_aneksu_nr_5.pdf\">LOKALNA STRATEGIA ROZWOJU na lata 2023\u20132029 &#8211; stycze\u0144 2026<\/a> &#8211; wersja obowi\u0105zuj\u0105ca od 23.01.2026<\/p>\n<p>&nbsp;<\/p>\n<p>wersje archiwalne:<\/p>\n<p><a href=\"https:\/\/przyjaznadolinaraby.info\/nowaperspektywa\/wp-content\/uploads\/2025\/12\/Zalacznik_do_aneksu_nr_4_do_umowy_ramowej.pdf\">LOKALNA STRATEGIA ROZWOJU na lata 2023\u20132029 &#8211; grudzie\u0144 2025<\/a>\u00a0&#8211; wersja obowi\u0105zuj\u0105ca od 02.12.2025 do 22.01.2026<\/p>\n<p><a href=\"https:\/\/przyjaznadolinaraby.info\/nowaperspektywa\/wp-content\/uploads\/2025\/03\/LSR-Przyjazna-Dolina-Raby-i-Czarnej-Orawy-luty-2025.pdf\">LOKALNA STRATEGIA ROZWOJU na lata 2023\u20132029 &#8211; luty 2025<\/a> &#8211; wersja obowi\u0105zuj\u0105ca od 25.02.2025 do 01.12.2025<\/p>\n<p><a href=\"https:\/\/przyjaznadolinaraby.info\/nowaperspektywa\/wp-content\/uploads\/2025\/02\/LSR-Przyjazna-Dolina-Raby-i-Czarnej-Orawy-styczen-2025.pdf\">LOKALNA STRATEGIA ROZWOJU na lata 2023\u20132029 &#8211; luty 2025<\/a>&#8211; wersja obowi\u0105zuj\u0105ca od 06.02.2025 do 24.02.2025<\/p>\n<p><a href=\"https:\/\/przyjaznadolinaraby.info\/nowaperspektywa\/wp-content\/uploads\/2024\/12\/LSR-Przyjazna-Dolina-Raby-i-Czarnej-Orawy-grudzien-autokorekta.pdf\">LOKALNA STRATEGIA ROZWOJU na lata 2023\u20132029 &#8211; grudzie\u0144 2024<\/a>\u00a0&#8211; wersja obowi\u0105zuj\u0105ca od 17.12.2024 do 05.02.2025<\/p>\n<p><a href=\"https:\/\/przyjaznadolinaraby.info\/nowaperspektywa\/wp-content\/uploads\/2024\/12\/LSR-Przyjazna-Dolina-Raby-i-Czarnej-Orawy-listopad-2024.pdf\">LOKALNA STRATEGIA ROZWOJU na lata 2023\u20132029 &#8211; listopad 2024<\/a> &#8211; wersja obowi\u0105zuj\u0105ca od 07.11.2024 do 16.12.2024<\/p>\n<p><a href=\"https:\/\/przyjaznadolinaraby.info\/nowaperspektywa\/wp-content\/uploads\/2024\/05\/LSR-Przyjazna-Dolina-Raby-i-Czarnej-Orawy-zmiany-maj-2024.pdf\">LOKALNA STRATEGIA ROZWOJU na lata 2023\u20132029 &#8211; maj 2024 &#8211;<\/a>\u00a0wersja obowi\u0105zuj\u0105ca od 15.05.2024 do 06.11.2024<\/p>\n<p><a href=\"https:\/\/przyjaznadolinaraby.info\/nowaperspektywa\/wp-content\/uploads\/2024\/05\/LSR-Przyjazna-Dolina-Raby-i-Czarnej-Orawy-luty-2024.pdf\">LOKALNA STRATEGIA ROZWOJU na lata 2023\u20132029 -luty 2024 &#8211; <\/a>wersja obowi\u0105zuj\u0105ca od 22.02.2024 do dnia 14.05.2024<\/p>\n<p><a href=\"http:\/\/przyjaznadolinaraby.info\/nowaperspektywa\/wp-content\/uploads\/2024\/03\/LSR-Przyjazna-Dolina-Raby-i-Czarnej-Orawy-06.06.2023.pdf\">LOKALNA STRATEGIA ROZWOJU na lata 2023\u20132029- czerwiec 2023 &#8211;<\/a> wersja obowi\u0105zuj\u0105ca od 05.06.2023 do dnia 21.02.2024<\/p>\n<p>&nbsp;<\/p>\n<p>&nbsp;<\/p>\n","protected":false},"excerpt":{"rendered":"<p>LOKALNA STRATEGIA ROZWOJU na lata 2023\u20132029 &#8211; stycze\u0144 2026 &#8211; wersja obowi\u0105zuj\u0105ca od 23.01.2026 &nbsp; wersje archiwalne: LOKALNA STRATEGIA ROZWOJU na lata 2023\u20132029 &#8211; grudzie\u0144 2025\u00a0&#8211; wersja obowi\u0105zuj\u0105ca od 02.12.2025 do 22.01.2026 LOKALNA STRATEGIA ROZWOJU na lata 2023\u20132029 &#8211; luty 2025 &#8211; wersja obowi\u0105zuj\u0105ca od 25.02.2025 do 01.12.2025 LOKALNA STRATEGIA ROZWOJU na lata 2023\u20132029 &#8211; <a href=\"https:\/\/przyjaznadolinaraby.info\/nowaperspektywa\/lokalna-strategia-rozwoju-na-lata-2023-2029\/\" class=\"more-link\">&#8230;<span class=\"screen-reader-text\">  LOKALNA STRATEGIA ROZWOJU na lata 2023\u20132029<\/span><\/a><\/p>\n","protected":false},"author":6,"featured_media":0,"parent":0,"menu_order":0,"comment_status":"closed","ping_status":"closed","template":"","meta":{"_monsterinsights_skip_tracking":false,"_monsterinsights_sitenote_active":false,"_monsterinsights_sitenote_note":"","_monsterinsights_sitenote_category":0,"footnotes":""},"tags":[],"acf":[],"_links":{"self":[{"href":"https:\/\/przyjaznadolinaraby.info\/nowaperspektywa\/wp-json\/wp\/v2\/pages\/11218"}],"collection":[{"href":"https:\/\/przyjaznadolinaraby.info\/nowaperspektywa\/wp-json\/wp\/v2\/pages"}],"about":[{"href":"https:\/\/przyjaznadolinaraby.info\/nowaperspektywa\/wp-json\/wp\/v2\/types\/page"}],"author":[{"embeddable":true,"href":"https:\/\/przyjaznadolinaraby.info\/nowaperspektywa\/wp-json\/wp\/v2\/users\/6"}],"replies":[{"embeddable":true,"href":"https:\/\/przyjaznadolinaraby.info\/nowaperspektywa\/wp-json\/wp\/v2\/comments?post=11218"}],"version-history":[{"count":12,"href":"https:\/\/przyjaznadolinaraby.info\/nowaperspektywa\/wp-json\/wp\/v2\/pages\/11218\/revisions"}],"predecessor-version":[{"id":12754,"href":"https:\/\/przyjaznadolinaraby.info\/nowaperspektywa\/wp-json\/wp\/v2\/pages\/11218\/revisions\/12754"}],"wp:attachment":[{"href":"https:\/\/przyjaznadolinaraby.info\/nowaperspektywa\/wp-json\/wp\/v2\/media?parent=11218"}],"wp:term":[{"taxonomy":"post_tag","embeddable":true,"href":"https:\/\/przyjaznadolinaraby.info\/nowaperspektywa\/wp-json\/wp\/v2\/tags?post=11218"}],"curies":[{"name":"wp","href":"https:\/\/api.w.org\/{rel}","templated":true}]}}