{"id":11575,"date":"2025-01-15T10:13:34","date_gmt":"2025-01-15T09:13:34","guid":{"rendered":"https:\/\/przyjaznadolinaraby.info\/nowaperspektywa\/?page_id=11575"},"modified":"2025-01-15T15:16:14","modified_gmt":"2025-01-15T14:16:14","slug":"zaloz-profil-w-pue-armir","status":"publish","type":"page","link":"https:\/\/przyjaznadolinaraby.info\/nowaperspektywa\/zaloz-profil-w-pue-armir\/","title":{"rendered":"Za\u0142\u00f3\u017c profil w PUE ARMiR, Numer ewidencji producenta"},"content":{"rendered":"<p><strong>Informujemy, \u017ce wszystkie wnioski b\u0119d\u0105 sk\u0142adane przez Pa\u0144stwa za po\u015brednictwem Platformy Us\u0142ug Elektronicznych (PUE).<\/strong><\/p>\n<p>Link: https:<a href=\"https:\/\/epue.arimr.gov.pl\/pl\/strona-glowna\">\/\/www.epue.arimr.gov.pl\/pl\/strona-glowna\u00a0\u00a0<\/a><\/p>\n<p>Poni\u017cej\u00a0 instrukcje pomocnicze:<\/p>\n<ol>\n<li>Instrukcja logowania Platformy Us\u0142ug Elektronicznych (PUE)\u00a0<a href=\"https:\/\/lgdjedrzejow.pl\/wp-content\/uploads\/2024\/11\/Instrukcja_logowania_PUE.pdf\">Pobierz<\/a><\/li>\n<li>Instrukcja obs\u0142ugi zawierania umowy za po\u015brednictwem Platformy Us\u0142ug Elektronicznych ARiMR w zakresie PS WPR 2023-2027\u00a0<a href=\"https:\/\/lgdjedrzejow.pl\/wp-content\/uploads\/2024\/11\/Instrukcja_obslugi_zawierania_umowy_za_posrednictwem_PUE_ARiMR_w_zakresie_PS_WPR_2023-2027.pdf\">\u00a0Pobierz<\/a><\/li>\n<li>Informacja dla U\u017cytkownika PUE ARiMR, kt\u00f3ry wybra\u0142 form\u0119 powiadomienia SMS\u00a0<a href=\"https:\/\/lgdjedrzejow.pl\/wp-content\/uploads\/2024\/11\/instrukcja_powiadomienia-sms.pdf\">Pobierz<\/a><\/li>\n<li>Instrukcja z\u0142o\u017cenia pro\u015bby o przywr\u00f3cenie terminu za po\u015brednictwem Platformy Us\u0142ug Elektronicznych ARiMR w zakresie PS WPR 2023-2027\u00a0<a href=\"https:\/\/lgdjedrzejow.pl\/wp-content\/uploads\/2024\/11\/Instrukcja_zlozenia_prosby_o_przywrocenie_terminu_za_posrednictwem_PUE_ARiMR_w_zakresie_PS_WPR_2023-2027.pdf\">Pobierz<\/a><\/li>\n<li>Instrukcja ustanawiania Pe\u0142nomocnik\u00f3w\u00a0<a href=\"https:\/\/lgdjedrzejow.pl\/wp-content\/uploads\/2024\/11\/PUE_Instrukcja_ustanawiania_pelnomocnika.pdf\">Pobierz<\/a><\/li>\n<\/ol>\n<p>&nbsp;<\/p>\n<p>Przypominamy, \u017ce do zalogowania si\u0119 do Systemu PUE niezb\u0119dny jest <strong>Numer producenta (<\/strong>login) \u2013 jest to 9-cio cyfrowy <strong>numer identyfikacyjny producenta nadany przez ARiMR.<\/strong><\/p>\n<p>Wniosek o wpis do producent\u00f3w \u2013\u00a0<a href=\"https:\/\/lgdjedrzejow.pl\/wp-content\/uploads\/2024\/11\/Wniosek_o_wpis_do_ewidencji_producentow_v2-5.pdf\">Pobierz<\/a><\/p>\n<p>Wniosek o wpis do producent\u00f3w (wersja edytowalna) \u2013\u00a0<a href=\"https:\/\/lgdjedrzejow.pl\/wp-content\/uploads\/2024\/11\/Wniosek_o_wpis_do_ewidencji_producentow_aktywny-3.pdf\">Pobierz<\/a><\/p>\n<p>Instrukcja wype\u0142nienia wniosku o wpis do ewidencji producent\u00f3w \u2013\u00a0<a href=\"https:\/\/lgdjedrzejow.pl\/wp-content\/uploads\/2024\/11\/Instrukcja_wypelniania_wniosku_o_wpis_do_EP_wersja_17.pdf\">Pobierz<\/a><\/p>\n<p>&nbsp;<\/p>\n<p>. . .<\/p>\n<p>&nbsp;<\/p>\n<p>Pierwszy krok do z\u0142o\u017cenia wniosku<\/p>\n<p>Warunkiem uzyskania wsparcia jest pozyskanie <strong>NUMERU EP (numer ewidencji producenta ARiMR)<\/strong>, tj. numeru identyfikacyjnego nadawanego przez Agencj\u0119 Restrukturyzacji i Modernizacji Rolnictwa (ARiMR).<\/p>\n<p>Na podstawie wytycznych Ministra Rolnictwa i Rozwoju Wsi w zakresie pomocy finansowej w ramach Planu Strategicznego dla Wsp\u00f3lnej Polityki Rolnej na lata 2023-2027:<br \/>\n\u201eO pomoc mo\u017ce ubiega\u0107 si\u0119 wy\u0142\u0105cznie podmiot posiadaj\u0105cy numer EP\u201d.<\/p>\n<p><strong>Obowi\u0105zek dotyczy wszystkich!<\/strong><br \/>\nNiezale\u017cnie od tego, czy jeste\u015b osob\u0105 fizyczn\u0105 planuj\u0105c\u0105 za\u0142o\u017cenie dzia\u0142alno\u015bci gospodarczej, jednostk\u0105 sektora finans\u00f3w publicznych, stowarzyszeniem czy inn\u0105 osob\u0105 prawn\u0105 \u2013 aby otrzyma\u0107 dofinansowanie z funduszy unijnych, musisz posiada\u0107 numer producenta ARMiR nadany w trybie przepis\u00f3w o krajowym systemie ewidencji producent\u00f3w, ewidencji gospodarstw rolnych oraz ewidencji wniosk\u00f3w o przyznanie p\u0142atno\u015bci (Dz.U z 2014 r. poz. 1872 z p\u00f3\u017an. zm.).<\/p>\n<p>Czym jest numer ewidencji producenta ARiMR?<\/p>\n<p>To 9-cyfrowy kod, kt\u00f3ry jednoznacznie identyfikuje ka\u017cdego beneficjenta \u015brodk\u00f3w unijnych w ramach Wsp\u00f3lnej Polityki Rolnej. Stanowi on podstaw\u0119 do ewidencji producent\u00f3w rolnych i jest niezb\u0119dny do ubiegania si\u0119 o r\u00f3\u017cnego rodzaju dotacje i wsparcie.<\/p>\n<p>Jak uzyska\u0107 numer EP?<\/p>\n<p>Je\u015bli podmiot ubiegaj\u0105cy si\u0119 o przyznanie pomocy nie posiada nadanego numeru identyfikacyjnego, nale\u017cy wype\u0142ni\u0107 i z\u0142o\u017cy\u0107 odpowiedni wniosek.<\/p>\n<p><strong>Mo\u017cesz to zrobi\u0107 na dwa sposoby:<\/strong><\/p>\n<ol>\n<li><strong> Osobi\u015bcie<\/strong>\u2013 sk\u0142adaj\u0105c wniosek na formularzu opracowanym i udost\u0119pnionym przez ARiMR \u2013 w oddziale ARIMR w\u0142a\u015bciwym miejscowo.<\/li>\n<li><strong> Online<\/strong>\u2013 poprzez platform\u0119 e-PUAP u\u017cywaj\u0105c swojego profilu zaufanego.<\/li>\n<\/ol>\n<p>Wniosek i Instrukcja wype\u0142niania dost\u0119pne s\u0105 na stronie internetowej ARiMR \u2013\u00a0<a href=\"https:\/\/www.gov.pl\/web\/arimr\/wniosek-o-wpis-do-ewidencji-producentow2\">kliknij, aby przej\u015b\u0107 do strony<\/a><\/p>\n<p>Wa\u017cne informacje<\/p>\n<ul>\n<li>Numer producenta ARiMR jest unikalny dla ka\u017cdego podmiotu.<\/li>\n<li>Numer ten nie podlega dziedziczeniu \u2013 nast\u0119pca prawny musi samodzielnie ubiega\u0107 si\u0119 o jego nadanie<\/li>\n<\/ul>\n<p>Drugi krok \u2013 rejestracja w systemie PUE ARiMR<\/p>\n<p>Po uzyskaniu numeru ewidencyjnego producenta (EP), kolejnym, niezb\u0119dnym krokiem, jest rejestracja w systemie ARiMR. Rejestracja ta umo\u017cliwi korzystanie z systemu teleinformatycznego ARiMR, m. in. sk\u0142adanie wniosk\u00f3w o dofinansowanie za pomoc\u0105 generatora.<\/p>\n<p>Jak zarejestrowa\u0107 konto w PUE?<\/p>\n<p>Aby skorzysta\u0107 ze strony ARiMR, nale\u017cy posiada\u0107\/utworzy\u0107 konto zgodnie z Instrukcj\u0105 logowania do\u00a0<strong>Platformy Us\u0142ug Elektronicznych (PUE)<\/strong>. Uzyskanie dost\u0119pu do aplikacji (za\u0142o\u017cenie konta) odbywa si\u0119 w formie elektronicznej. System teleinformatyczny ARiMR regulowany jest w oparciu o art. 10 ustawy ARiMR\u00a0i dost\u0119pny jest z poziomu strony internetowej ARiMR \u2013\u00a0<a href=\"https:\/\/epue.arimr.gov.pl\/pl\/strona-glowna\">kliknij, aby przej\u015b\u0107<\/a><\/p>\n<p>Szczeg\u00f3\u0142owa instrukcja w PDF znajduje si\u0119 poni\u017cej w sekcji instrukcje dla wnioskodawc\u00f3w \u2013 pkt.1<\/p>\n<p>Profil zaufany jako \u015brodek identyfikacji elektronicznej<\/p>\n<p><strong>Wnioskodawco!<\/strong><\/p>\n<p>Wszystkie nabory w nowym okresie programowana 2023-2027 odbywa\u0107 si\u0119 b\u0119d\u0105 w systemie teleinformatycznym ARiMR. Dlatego, w celu weryfikacji Twojej to\u017csamo\u015bci, niezb\u0119dne b\u0119dzie posiadanie przez Ciebie profilu zaufanego.<\/p>\n<p>Profil zaufany jest \u015brodkiem identyfikacji elektronicznej. Dzi\u0119ki niemu mo\u017cesz potwierdzi\u0107 swoj\u0105 to\u017csamo\u015b\u0107 w Internecie oraz podpisa\u0107 dokument podpisem elektronicznym, je\u015bli jest to niezb\u0119dne do za\u0142atwienia Twojej sprawy.<\/p>\n<p>Tw\u00f3j podpis elektroniczny<\/p>\n<p>Profil zaufany umo\u017cliwia elektroniczne podpisywanie dokument\u00f3w. Dzi\u0119ki temu mo\u017cesz z\u0142o\u017cy\u0107 np.: podanie, wniosek, odwo\u0142anie czy skarg\u0119 bez konieczno\u015bci drukowania dokumentu, jego r\u0119cznego podpisywania i skanowania. Profilem zaufanym mo\u017cesz logowa\u0107 si\u0119 w r\u00f3\u017cnych systemach i aplikacjach administracji publicznej, aby za\u0142atwia\u0107 sprawy urz\u0119dowe. Podpis elektroniczny ma tak\u0105 sam\u0105 wag\u0119 jak podpis odr\u0119czny.<\/p>\n<p>Jak za\u0142o\u017cy\u0107 profil zaufany?<\/p>\n<p>Profil zaufany za\u0142o\u017cysz na stronie\u00a0<a href=\"https:\/\/pz.gov.pl\/pz\/index\">www.pz.gov.pl<\/a>\u00a0wybieraj\u0105c przycisk \u201cZarejestruj si\u0119\u201d i wybieraj\u0105c jedn\u0105 z podanych tam opcji.<\/p>\n<p>Je\u015bli nie wiesz, jak to zrobi\u0107 \u2013\u00a0<a href=\"https:\/\/www.youtube.com\/watch?v=QjDpirVDCMg\">obejrzyj ten film na YouTube<\/a><\/p>\n<p>Instrukcje dla wnioskodawc\u00f3w<\/p>\n<ol>\n<li><strong>Jak zalogowa\u0107 si\u0119 do PUE<\/strong>\u00a0\u2013\u00a0<a href=\"https:\/\/www.polnocnemazowsze.pl\/wp-content\/uploads\/2025\/01\/instrukcja_logowania_pue.pdf\">kliknij, aby wy\u015bwietli\u0107<\/a><\/li>\n<li><strong>Jak ustanowi\u0107 pe\u0142nomocnika<\/strong>\u00a0\u2013\u00a0<a href=\"https:\/\/www.polnocnemazowsze.pl\/wp-content\/uploads\/2025\/01\/pue_instrukcja_ustanawiania_pelnomocnika.pdf\">kliknij, aby wy\u015bwietli\u0107<\/a><\/li>\n<li><strong>Instrukcja obs\u0142ugi zawierania umowy za po\u015brednictwem pue arimr<\/strong>\u00a0\u2013\u00a0<a href=\"https:\/\/www.polnocnemazowsze.pl\/wp-content\/uploads\/2025\/01\/instrukcja_obslugi_zawierania_umowy_za_posrednictwem_pue_arimr_w_zakresie_ps_wpr_2023-2027.pdf\">kliknij, aby wy\u015bwietli\u0107<\/a><\/li>\n<li><strong>Instrukcja_powiadomienia sms<\/strong>\u00a0\u2013\u00a0<a href=\"https:\/\/www.polnocnemazowsze.pl\/wp-content\/uploads\/2025\/01\/instrukcja_powiadomienia-sms.pdf\">kliknij, aby wy\u015bwietli\u0107<\/a><\/li>\n<li><strong>Instrukcja z\u0142o\u017cenia pro\u015bby o przywr\u00f3cenie terminu za po\u015brednictwem pue arimr<\/strong>\u00a0\u2013\u00a0<a href=\"https:\/\/www.polnocnemazowsze.pl\/wp-content\/uploads\/2025\/01\/instrukcja_zlozenia_prosby_o_przywrocenie_terminu_za_posrednictwem_pue_arimr_w_zakresie_ps_wpr_2023-2027.pdf\">kliknij, aby wy\u015bwietli\u0107<\/a><\/li>\n<li><strong>Instrukcja wype\u0142niania wniosku o przyznanie pomocy poprzez platform\u0119 PUE<\/strong>\u00a0\u2013\u00a0<a href=\"https:\/\/www.polnocnemazowsze.pl\/wp-content\/uploads\/2025\/01\/instrukcja-wypelniania-wniosku-o-przyznanie-pomocy-poprzez-platforme-pue.pdf\">kliknij, aby wy\u015bwietli\u0107<\/a><\/li>\n<\/ol>\n<p>Wytyczne dla wnioskodawc\u00f3w<\/p>\n<ol>\n<li>Wytyczne podstawowe \u2013\u00a0<a href=\"https:\/\/www.polnocnemazowsze.pl\/download\/wytyczne-podstawowe-w-zakresie-pomocy-finansowej-w-ramach-planu-strategicznego-dla-wspolnej-polityki-rolnej-na-lata-2023e280932027.pdf\">kliknij aby wy\u015bwietli\u0107<\/a><\/li>\n<li>Wytyczne szczeg\u00f3\u0142owe \u2013\u00a0<a href=\"https:\/\/www.polnocnemazowsze.pl\/download\/wytyczne-rlks-e28093-komponent-wdrazanie-lsr.pdf\">kliknij aby wy\u015bwietli\u0107<\/a><\/li>\n<li>Wytyczne granty \u2013\u00a0<a href=\"https:\/\/www.polnocnemazowsze.pl\/download\/wytyczne-szczegolowe-rozwoj-lokalny-kierowany-przez-spolecznosc-rlks.pdf\">kliknij aby wy\u015bwietli\u0107<\/a><\/li>\n<li>Wytyczne w zakresie niekt\u00f3rych zasad dokonywania wyboru operacji lub grantobiorc\u00f3w przez lokalne grupy dzia\u0142ania \u2013\u00a0<a href=\"https:\/\/www.polnocnemazowsze.pl\/download\/wytyczne-w-zakresie-niektorych-zasad-dokonywania-wyboru-operacji-lub-grantobiorcow-przez-lokalne-grupy-dzialania.pdf\">kliknij aby wy\u015bwietli\u0107<\/a><\/li>\n<\/ol>\n<p><strong>Arkusz pomocniczy dla Wnioskodawcy<\/strong>\u00a0\u2013\u00a0<strong>do wpisania uzasadnienia zgodno\u015bci z lokalnymi kryteriami wyboru operacji<\/strong>\u00a0\u2013\u00a0<a href=\"https:\/\/www.polnocnemazowsze.pl\/wp-content\/uploads\/2025\/01\/arkusz-pomocniczy-dla-wnioskodawcy.docx\">kliknij aby wy\u015bwietli\u0107<\/a><\/p>\n<p>&nbsp;<\/p>\n","protected":false},"excerpt":{"rendered":"<p>Informujemy, \u017ce wszystkie wnioski b\u0119d\u0105 sk\u0142adane przez Pa\u0144stwa za po\u015brednictwem Platformy Us\u0142ug Elektronicznych (PUE). Link: https:\/\/www.epue.arimr.gov.pl\/pl\/strona-glowna\u00a0\u00a0 Poni\u017cej\u00a0 instrukcje pomocnicze: Instrukcja logowania Platformy Us\u0142ug Elektronicznych (PUE)\u00a0Pobierz Instrukcja obs\u0142ugi zawierania umowy za po\u015brednictwem Platformy Us\u0142ug Elektronicznych ARiMR w zakresie PS WPR 2023-2027\u00a0\u00a0Pobierz Informacja dla U\u017cytkownika PUE ARiMR, kt\u00f3ry wybra\u0142 form\u0119 powiadomienia SMS\u00a0Pobierz Instrukcja z\u0142o\u017cenia pro\u015bby o przywr\u00f3cenie <a href=\"https:\/\/przyjaznadolinaraby.info\/nowaperspektywa\/zaloz-profil-w-pue-armir\/\" class=\"more-link\">&#8230;<span class=\"screen-reader-text\">  Za\u0142\u00f3\u017c profil w PUE ARMiR, Numer ewidencji producenta<\/span><\/a><\/p>\n","protected":false},"author":6,"featured_media":0,"parent":0,"menu_order":0,"comment_status":"closed","ping_status":"closed","template":"","meta":{"_monsterinsights_skip_tracking":false,"_monsterinsights_sitenote_active":false,"_monsterinsights_sitenote_note":"","_monsterinsights_sitenote_category":0,"footnotes":""},"tags":[],"acf":[],"_links":{"self":[{"href":"https:\/\/przyjaznadolinaraby.info\/nowaperspektywa\/wp-json\/wp\/v2\/pages\/11575"}],"collection":[{"href":"https:\/\/przyjaznadolinaraby.info\/nowaperspektywa\/wp-json\/wp\/v2\/pages"}],"about":[{"href":"https:\/\/przyjaznadolinaraby.info\/nowaperspektywa\/wp-json\/wp\/v2\/types\/page"}],"author":[{"embeddable":true,"href":"https:\/\/przyjaznadolinaraby.info\/nowaperspektywa\/wp-json\/wp\/v2\/users\/6"}],"replies":[{"embeddable":true,"href":"https:\/\/przyjaznadolinaraby.info\/nowaperspektywa\/wp-json\/wp\/v2\/comments?post=11575"}],"version-history":[{"count":4,"href":"https:\/\/przyjaznadolinaraby.info\/nowaperspektywa\/wp-json\/wp\/v2\/pages\/11575\/revisions"}],"predecessor-version":[{"id":11622,"href":"https:\/\/przyjaznadolinaraby.info\/nowaperspektywa\/wp-json\/wp\/v2\/pages\/11575\/revisions\/11622"}],"wp:attachment":[{"href":"https:\/\/przyjaznadolinaraby.info\/nowaperspektywa\/wp-json\/wp\/v2\/media?parent=11575"}],"wp:term":[{"taxonomy":"post_tag","embeddable":true,"href":"https:\/\/przyjaznadolinaraby.info\/nowaperspektywa\/wp-json\/wp\/v2\/tags?post=11575"}],"curies":[{"name":"wp","href":"https:\/\/api.w.org\/{rel}","templated":true}]}}