{"id":12017,"date":"2025-06-12T11:33:47","date_gmt":"2025-06-12T09:33:47","guid":{"rendered":"https:\/\/przyjaznadolinaraby.info\/nowaperspektywa\/?page_id=12017"},"modified":"2026-04-10T08:50:44","modified_gmt":"2026-04-10T06:50:44","slug":"rekrutacja-czarny-dunajec","status":"publish","type":"page","link":"https:\/\/przyjaznadolinaraby.info\/nowaperspektywa\/rekrutacja-czarny-dunajec\/","title":{"rendered":"Rekrutacja Czarny Dunajec"},"content":{"rendered":"<p><a role=\"link\" href=\"https:\/\/przyjaznadolinaraby.info\/nowaperspektywa\/wp-content\/uploads\/2026\/03\/zal-nr-6-Lista-rankingowa-20.02.2026-CZD.pdf\"><strong>WYNIKI REKRUTACJI UCZESTNIK\u00d3W CENTRUM US\u0141UG SPO\u0141ECZNYCH W CZARNYM DUNAJCU Z DNIA 20.02.2026<\/strong><\/a><\/p>\n<p data-start=\"890\" data-end=\"1003\"><a role=\"link\" href=\"https:\/\/przyjaznadolinaraby.info\/nowaperspektywa\/wp-content\/uploads\/2026\/01\/Lista-rankingowa-30.12.2025.pdf\"><strong>WYNIKI REKRUTACJI UCZESTNIK\u00d3W CENTRUM US\u0141UG SPO\u0141ECZNYCH W CZARNYM DUNAJCU Z DNIA 30.12.2025<\/strong><\/a><\/p>\n<p data-start=\"890\" data-end=\"1003\"><a role=\"link\" href=\"https:\/\/przyjaznadolinaraby.info\/nowaperspektywa\/wp-content\/uploads\/2026\/01\/Lista-rankingowa-Czarny-Dunajec-20.11.2025.pdf\"><strong>WYNIKI REKRUTACJI UCZESTNIK\u00d3W CENTRUM US\u0141UG SPO\u0141ECZNYCH W CZARNYM DUNAJCU Z DNIA 20.11.2025<\/strong><\/a><\/p>\n<p data-start=\"890\" data-end=\"1003\"><a role=\"link\" href=\"https:\/\/przyjaznadolinaraby.info\/nowaperspektywa\/wp-content\/uploads\/2025\/11\/WYNIKI-REKRUTACJI-UCZESTNIKOW-CENTRUM-USLUG-SPOLECZNYCH-W-CZARNY-DUNAJCU-z-dnia-20.10.2025-.pdf\"><strong>WYNIKI REKRUTACJI UCZESTNIK\u00d3W CENTRUM US\u0141UG SPO\u0141ECZNYCH W CZARNYM DUNAJCU Z DNIA 20.10.2025<\/strong><\/a><\/p>\n<p data-start=\"890\" data-end=\"1003\"><a role=\"link\" href=\"https:\/\/przyjaznadolinaraby.info\/nowaperspektywa\/wp-content\/uploads\/2025\/09\/Lista-rankingowa-z-dnia-28.07.2025-osoby-niesamodzielne-Czarny-Dunajec.pdf\"><strong>WYNIKI REKRUTACJI UCZESTNIK\u00d3W CENTRUM US\u0141UG SPO\u0141ECZNYCH W CZARNYM DUNAJCU Z DNIA 28.07.2025<\/strong><\/a><\/p>\n<p class=\"\" data-start=\"0\" data-end=\"115\"><strong data-start=\"0\" data-end=\"115\">Zapraszamy do udzia\u0142u w projekcie Centrum Wsparcia Us\u0142ug Spo\u0142ecznych w Czarnym Dunajcu<\/strong><\/p>\n<p class=\"\" data-start=\"117\" data-end=\"411\">Je\u015bli Ty lub kto\u015b z Twoich bliskich potrzebujecie wsparcia ze wzgl\u0119du na wiek, niepe\u0142nosprawno\u015b\u0107 lub trudno\u015bci natury psychicznej \u2013 ten projekt jest w\u0142a\u015bnie dla Was. Oferujemy pomoc w przyjaznym i bezpiecznym otoczeniu, gdzie ka\u017cdy uczestnik zostanie otoczony opiek\u0105 i zrozumieniem- szczeg\u00f3\u0142y na plakacie i w poni\u017cszej dokumentacji rekrutacyjnej.<\/p>\n<p class=\"\" data-start=\"413\" data-end=\"772\">Zakres oferty plac\u00f3wki obejmuje:<\/p>\n<p class=\"\" data-start=\"413\" data-end=\"772\">\u2705<strong>\u00a0us\u0142ugi opieku\u0144czo-piel\u0119gnacyjne<\/strong>\u00a0\u015bwiadczone w ramach\u00a0<strong>dziennego domu opieki<\/strong><br \/>\n\u2705\u00a0<strong>us\u0142ugi terapeutyczne<\/strong>\u00a0obejmuj\u0105ce udzia\u0142 w zaj\u0119ciach terapeutycznych, podnosz\u0105cych sprawno\u015b\u0107 i aktywizuj\u0105cych do uczestnictwa w \u017cyciu spo\u0142ecznym w celu usprawnienia psychicznego i fizycznego uczestnika\/czki<\/p>\n<p class=\"\" data-start=\"413\" data-end=\"772\"><strong>\u2705us\u0142ugi wspomagaj\u0105ce<\/strong><br \/>\n\u2705\u00a0<strong>centrum wsparcia opiekun\u00f3w\/ek<\/strong>\u00a0nieformalnych\/faktycznych obejmuj\u0105ce us\u0142ugi wspomagaj\u0105ce, polegaj\u0105ce na udzielaniu informacji, edukacji, wsparciu i poradnictwu, zar\u00f3wno dla uczestnik\u00f3w\/uczestniczek, jak i ich rodzin\/opiekun\u00f3w\/opiekunek faktycznych<br \/>\n\u2705\u00a0<strong>wypo\u017cyczalnia sprz\u0119tu rehabilitacyjnego.<\/strong><\/p>\n<p class=\"\" data-start=\"774\" data-end=\"888\">Do\u0142\u0105cz do nas i skorzystaj z profesjonalnego wsparcia, kt\u00f3re realnie poprawi jako\u015b\u0107 \u017cycia Twoj\u0105 i Twoich bliskich.<\/p>\n<p class=\"\" data-start=\"890\" data-end=\"1003\"><strong data-start=\"890\" data-end=\"943\">Rekrutacja trwa od 07.05.2025 r. \u2013 nie czekaj, zg\u0142o\u015b si\u0119 ju\u017c dzi\u015b!<\/strong><br data-start=\"943\" data-end=\"946\" \/>Masz pytania? Skontaktuj si\u0119 z nami \u2013 ch\u0119tnie pomo\u017cemy.<\/p>\n<p data-start=\"890\" data-end=\"1003\">Dokumentacja rekrutacyjna:<\/p>\n<p><a href=\"https:\/\/przyjaznadolinaraby.info\/nowaperspektywa\/wp-content\/uploads\/2026\/04\/Regulamin-rekrutacji-uczestnikow-Centrum-wsparcia-uslug-spolecznych-w-Czarnym-Dunajcu-wersja-ostateczna-1.docx\">Regulamin rekrutacji uczestnik\u00f3w Centrum wsparcia us\u0142ug spo\u0142ecznych w Czarnym Dunajcu<\/a><\/p>\n<p><a href=\"https:\/\/przyjaznadolinaraby.info\/nowaperspektywa\/wp-content\/uploads\/2026\/04\/Oswiadczenie-opiekuna-nieformalnego-faktycznego-o-sprawowaniu-opieki-1.docx\">O\u015bwiadczenie opiekuna nieformalnego &#8211; faktycznego o sprawowaniu opieki<\/a><\/p>\n<p data-start=\"890\" data-end=\"1003\"><a role=\"link\" href=\"https:\/\/przyjaznadolinaraby.info\/nowaperspektywa\/wp-content\/uploads\/2025\/05\/Zalacznik-nr-1-Formularz-rekrutacyjny-osoby-niesamodzielnej-ok.docx\">Za\u0142\u0105cznik nr 1 Formularz rekrutacyjny osoby niesamodzielnej<\/a><\/p>\n<p data-start=\"890\" data-end=\"1003\"><a role=\"link\" href=\"https:\/\/przyjaznadolinaraby.info\/nowaperspektywa\/wp-content\/uploads\/2025\/11\/Zalacznik-nr-2-Formularz-rekrutacyjny-opiekuna-faktycznego-ok-1-1-1.docx\">Za\u0142\u0105cznik nr 2 Formularz rekrutacyjny opiekuna faktycznego<\/a><\/p>\n<p data-start=\"890\" data-end=\"1003\"><a role=\"link\" href=\"https:\/\/przyjaznadolinaraby.info\/nowaperspektywa\/wp-content\/uploads\/2025\/05\/Zalacznik-nr-3-Kwestionariusz-oceny-potrzeby-wsparcia-i-opieki-ok.docx\">Za\u0142\u0105cznik nr 3 Kwestionariusz oceny potrzeby wsparcia i opieki<\/a><\/p>\n<p><a href=\"https:\/\/przyjaznadolinaraby.info\/nowaperspektywa\/wp-content\/uploads\/2026\/04\/Zalacznik-nr-4-Kwestionariusz-oceny-potrzeby-wsparcia-i-opieki-podopiecznego-1.docx\">Za\u0142\u0105cznik nr 4 Kwestionariusz oceny potrzeby wsparcia i opieki podopiecznego<\/a><\/p>\n<p data-start=\"890\" data-end=\"1003\">*<\/p>\n<p>Rekrutacj\u0119 prowadzi Stowarzyszenie Przyjazna Dolina Raby i Czarnej Orawy\u00a0z siedzib\u0105 w Sieniawie 8B, 34-723 Sieniawa. Kontakt mo\u017cliwy jest telefonicznie pod numerami 18 26 78 648 i 500 475 840, mailowo pod adresem\u00a0lgd.rokiciny@interia.pl\u00a0oraz poprzez stron\u0119 internetow\u0105\u00a0<a role=\"link\" href=\"https:\/\/przyjaznadolinaraby.info\/\">www.przyjaznadolinaraby.info<\/a>. Istnieje mo\u017cliwo\u015b\u0107 spotka\u0144 osobistych.<\/p>\n<p><a href=\"https:\/\/www.youtube.com\/watch?v=r6yuIxVSJpA\">Filmik z j\u0119z. migowym i lektorem oraz napisami- Rekrut. Centrum Us\u0142ug Spo\u0142ecznych w Czarnym Dunajcu<\/a><\/p>\n<p>Dokumenty dost\u0119pne s\u0105 do pobrania i z\u0142o\u017cenia w Biurze Projektu oraz w OPS w Czarnym Dunajcu ul. Kamieniec Dolny 55, PCPR w Nowym Targu ul. Jana Kazimierza 20 oraz Urz\u0119dzie Miasta i Gminy w Czarnym Dunajcu ul. J\u00f3zefa Pi\u0142sudskiego 2, w wersji elektronicznej na stronie internetowej: \u00a0<a role=\"link\" href=\"https:\/\/przyjaznadolinaraby.info\/\">www.przyjaznadolinaraby.info<\/a>.<\/p>\n<p>Film z t\u0142umaczeniem na j\u0119zyk migowy, lektorem i z napisami dotycz\u0105cy rekrutacji:<\/p>\n<p><a href=\"https:\/\/www.youtube.com\/watch?v=r6yuIxVSJpA\">Filmik z j\u0119z. migowym i lektorem oraz napisami- Rekrut. Centrum Us\u0142ug Spo\u0142ecznych w Czarnym Dunajcu<\/a><\/p>\n<p>PLAKAT:<\/p>\n<p><img decoding=\"async\" class=\"alignnone size-full wp-image-11949\" src=\"https:\/\/przyjaznadolinaraby.info\/nowaperspektywa\/wp-content\/uploads\/2025\/05\/czarny-dunajec-centrum-wsparcia.png\" alt=\"\" width=\"1582\" height=\"2527\" srcset=\"https:\/\/przyjaznadolinaraby.info\/nowaperspektywa\/wp-content\/uploads\/2025\/05\/czarny-dunajec-centrum-wsparcia.png 1582w, https:\/\/przyjaznadolinaraby.info\/nowaperspektywa\/wp-content\/uploads\/2025\/05\/czarny-dunajec-centrum-wsparcia-188x300.png 188w, https:\/\/przyjaznadolinaraby.info\/nowaperspektywa\/wp-content\/uploads\/2025\/05\/czarny-dunajec-centrum-wsparcia-641x1024.png 641w\" sizes=\"(max-width: 1582px) 100vw, 1582px\" \/><\/p>\n<p style=\"text-align: center;\" data-start=\"890\" data-end=\"1003\"><a role=\"link\" href=\"https:\/\/przyjaznadolinaraby.info\/nowaperspektywa\/wp-content\/uploads\/2025\/05\/czarny-dunajec-centrum-wsparcia.png\"><strong>PLAKAT- do pobrania<\/strong><\/a><\/p>\n<p>__________________________________________________________________________________________________________________________________<\/p>\n<p>&nbsp;<\/p>\n<p><em>Projekt pt.\u202fCentrum wsparcia us\u0142ug spo\u0142ecznych w Czarnym Dunajcu dofinansowany jest z Funduszy Europejskich w ramach programu Fundusze Europejskie dla Ma\u0142opolski 2021\u20132027, Priorytet 6: Fundusze europejskie dla rynku pracy, edukacji i w\u0142\u0105czenia spo\u0142ecznego, Dzia\u0142anie 6.21: Wsparcie us\u0142ug spo\u0142ecznych w regionie, ze \u015brodk\u00f3w Europejskiego Funduszu Spo\u0142ecznego Plus.<\/em><\/p>\n<p>#FunduszeUE, #FunduszeEuropejskie<\/p>\n","protected":false},"excerpt":{"rendered":"<p>WYNIKI REKRUTACJI UCZESTNIK\u00d3W CENTRUM US\u0141UG SPO\u0141ECZNYCH W CZARNYM DUNAJCU Z DNIA 20.02.2026 WYNIKI REKRUTACJI UCZESTNIK\u00d3W CENTRUM US\u0141UG SPO\u0141ECZNYCH W CZARNYM DUNAJCU Z DNIA 30.12.2025 WYNIKI REKRUTACJI UCZESTNIK\u00d3W CENTRUM US\u0141UG SPO\u0141ECZNYCH W CZARNYM DUNAJCU Z DNIA 20.11.2025 WYNIKI REKRUTACJI UCZESTNIK\u00d3W CENTRUM US\u0141UG SPO\u0141ECZNYCH W CZARNYM DUNAJCU Z DNIA 20.10.2025 WYNIKI REKRUTACJI UCZESTNIK\u00d3W CENTRUM US\u0141UG SPO\u0141ECZNYCH W <a href=\"https:\/\/przyjaznadolinaraby.info\/nowaperspektywa\/rekrutacja-czarny-dunajec\/\" class=\"more-link\">&#8230;<span class=\"screen-reader-text\">  Rekrutacja Czarny Dunajec<\/span><\/a><\/p>\n","protected":false},"author":6,"featured_media":0,"parent":0,"menu_order":0,"comment_status":"closed","ping_status":"closed","template":"","meta":{"_monsterinsights_skip_tracking":false,"_monsterinsights_sitenote_active":false,"_monsterinsights_sitenote_note":"","_monsterinsights_sitenote_category":0,"footnotes":""},"tags":[],"acf":[],"_links":{"self":[{"href":"https:\/\/przyjaznadolinaraby.info\/nowaperspektywa\/wp-json\/wp\/v2\/pages\/12017"}],"collection":[{"href":"https:\/\/przyjaznadolinaraby.info\/nowaperspektywa\/wp-json\/wp\/v2\/pages"}],"about":[{"href":"https:\/\/przyjaznadolinaraby.info\/nowaperspektywa\/wp-json\/wp\/v2\/types\/page"}],"author":[{"embeddable":true,"href":"https:\/\/przyjaznadolinaraby.info\/nowaperspektywa\/wp-json\/wp\/v2\/users\/6"}],"replies":[{"embeddable":true,"href":"https:\/\/przyjaznadolinaraby.info\/nowaperspektywa\/wp-json\/wp\/v2\/comments?post=12017"}],"version-history":[{"count":26,"href":"https:\/\/przyjaznadolinaraby.info\/nowaperspektywa\/wp-json\/wp\/v2\/pages\/12017\/revisions"}],"predecessor-version":[{"id":12879,"href":"https:\/\/przyjaznadolinaraby.info\/nowaperspektywa\/wp-json\/wp\/v2\/pages\/12017\/revisions\/12879"}],"wp:attachment":[{"href":"https:\/\/przyjaznadolinaraby.info\/nowaperspektywa\/wp-json\/wp\/v2\/media?parent=12017"}],"wp:term":[{"taxonomy":"post_tag","embeddable":true,"href":"https:\/\/przyjaznadolinaraby.info\/nowaperspektywa\/wp-json\/wp\/v2\/tags?post=12017"}],"curies":[{"name":"wp","href":"https:\/\/api.w.org\/{rel}","templated":true}]}}