{"id":3268,"date":"2019-12-17T22:01:37","date_gmt":"2019-12-17T21:01:37","guid":{"rendered":"http:\/\/przyjaznadolinaraby.info\/nowaperspektywa\/?page_id=3268"},"modified":"2025-09-15T13:21:43","modified_gmt":"2025-09-15T11:21:43","slug":"kryteria-oceny-operacji","status":"publish","type":"page","link":"https:\/\/przyjaznadolinaraby.info\/nowaperspektywa\/kryteria-oceny-operacji\/","title":{"rendered":"Kryteria oceny operacji"},"content":{"rendered":"<p>Lokalne kryteria wyboru operacji obowi\u0105zuj\u0105ce w Stowarzyszeniu Przyjazna Dolina Raby i Czarnej Orawy w zakresie Poprawy dost\u0119pu do ma\u0142ej infrastruktury publicznej w ramach Planu Strategicznego dla Wsp\u00f3lnej Polityki Rolnej na lata 2023 \u20132027 dla interwencji I.13.1 LEADER\/Rozw\u00f3j Lokalny Kierowany przez Spo\u0142eczno\u015b\u0107 (RLKS) \u2013 komponent Wdra\u017canie LSR<\/p>\n<p><a href=\"https:\/\/przyjaznadolinaraby.info\/nowaperspektywa\/wp-content\/uploads\/2025\/09\/Kryteria-Poprawa-dostepu-poprawki.pdf\">Kryteria Poprawa dost\u0119pu do ma\u0142ej infrastruktury publicznej &#8211; 20.08.2025<\/a><\/p>\n<p>&nbsp;<\/p>\n<p>Lokalne kryteria wyboru operacji obowi\u0105zuj\u0105ce w Stowarzyszeniu Przyjazna Dolina Raby i Czarnej Orawy w zakresie rozwoju przedsi\u0119biorczo\u015bci poprzez PODEJMOWANIE POZAROLNICZEJ DZIA\u0141ALNO\u015aCI GOSPODARCZEJ (START DG) w ramach Planu Strategicznego dla Wsp\u00f3lnej Polityki Rolnej na lata 2023 \u20132027 dla interwencji I.13.1 LEADER\/Rozw\u00f3j Lokalny Kierowany przez Spo\u0142eczno\u015b\u0107 (RLKS) \u2013 komponent Wdra\u017canie LSR<\/p>\n<p><a href=\"https:\/\/przyjaznadolinaraby.info\/nowaperspektywa\/wp-content\/uploads\/2025\/05\/Kryteria-Start-DG.pdf\">Kryteria Start DG &#8211; 29.04.2025<\/a><\/p>\n<p>&nbsp;<\/p>\n<p>Lokalne kryteria wyboru operacji obowi\u0105zuj\u0105ce w Stowarzyszeniu Przyjazna Dolina Raby i Czarnej Orawy w zakresie rozwoju przedsi\u0119biorczo\u015bci poprzez ROZWIJANIE POZAROLNICZEJ DZIA\u0141ALNO\u015aCI GOSPODARCZEJ (ROZW\u00d3J DG) w ramach Planu Strategicznego dla Wsp\u00f3lnej Polityki Rolnej na lata 2023 \u20132027 dla interwencji I.13.1 LEADER\/Rozw\u00f3j Lokalny Kierowany przez Spo\u0142eczno\u015b\u0107 (RLKS) \u2013 komponent Wdra\u017canie LSR<\/p>\n<p><a href=\"https:\/\/przyjaznadolinaraby.info\/nowaperspektywa\/wp-content\/uploads\/2025\/05\/Kryteria-Rozwoj-DG-1.pdf\">Kryteria Rozw\u00f3j DG &#8211; 29.04.2025<\/a><\/p>\n","protected":false},"excerpt":{"rendered":"<p>Lokalne kryteria wyboru operacji obowi\u0105zuj\u0105ce w Stowarzyszeniu Przyjazna Dolina Raby i Czarnej Orawy w zakresie Poprawy dost\u0119pu do ma\u0142ej infrastruktury publicznej w ramach Planu Strategicznego dla Wsp\u00f3lnej Polityki Rolnej na lata 2023 \u20132027 dla interwencji I.13.1 LEADER\/Rozw\u00f3j Lokalny Kierowany przez Spo\u0142eczno\u015b\u0107 (RLKS) \u2013 komponent Wdra\u017canie LSR Kryteria Poprawa dost\u0119pu do ma\u0142ej infrastruktury publicznej &#8211; 20.08.2025 <a href=\"https:\/\/przyjaznadolinaraby.info\/nowaperspektywa\/kryteria-oceny-operacji\/\" class=\"more-link\">&#8230;<span class=\"screen-reader-text\">  Kryteria oceny operacji<\/span><\/a><\/p>\n","protected":false},"author":6,"featured_media":0,"parent":0,"menu_order":10,"comment_status":"closed","ping_status":"closed","template":"","meta":{"_monsterinsights_skip_tracking":false,"_monsterinsights_sitenote_active":false,"_monsterinsights_sitenote_note":"","_monsterinsights_sitenote_category":0,"footnotes":""},"tags":[],"acf":[],"_links":{"self":[{"href":"https:\/\/przyjaznadolinaraby.info\/nowaperspektywa\/wp-json\/wp\/v2\/pages\/3268"}],"collection":[{"href":"https:\/\/przyjaznadolinaraby.info\/nowaperspektywa\/wp-json\/wp\/v2\/pages"}],"about":[{"href":"https:\/\/przyjaznadolinaraby.info\/nowaperspektywa\/wp-json\/wp\/v2\/types\/page"}],"author":[{"embeddable":true,"href":"https:\/\/przyjaznadolinaraby.info\/nowaperspektywa\/wp-json\/wp\/v2\/users\/6"}],"replies":[{"embeddable":true,"href":"https:\/\/przyjaznadolinaraby.info\/nowaperspektywa\/wp-json\/wp\/v2\/comments?post=3268"}],"version-history":[{"count":6,"href":"https:\/\/przyjaznadolinaraby.info\/nowaperspektywa\/wp-json\/wp\/v2\/pages\/3268\/revisions"}],"predecessor-version":[{"id":12461,"href":"https:\/\/przyjaznadolinaraby.info\/nowaperspektywa\/wp-json\/wp\/v2\/pages\/3268\/revisions\/12461"}],"wp:attachment":[{"href":"https:\/\/przyjaznadolinaraby.info\/nowaperspektywa\/wp-json\/wp\/v2\/media?parent=3268"}],"wp:term":[{"taxonomy":"post_tag","embeddable":true,"href":"https:\/\/przyjaznadolinaraby.info\/nowaperspektywa\/wp-json\/wp\/v2\/tags?post=3268"}],"curies":[{"name":"wp","href":"https:\/\/api.w.org\/{rel}","templated":true}]}}