{"id":63,"date":"2016-07-19T13:16:22","date_gmt":"2016-07-19T11:16:22","guid":{"rendered":"http:\/\/przyjaznadolinaraby.info\/nowaperspektywa\/?page_id=63"},"modified":"2026-01-28T10:18:32","modified_gmt":"2026-01-28T09:18:32","slug":"umowa-ramowa","status":"publish","type":"page","link":"https:\/\/przyjaznadolinaraby.info\/nowaperspektywa\/umowa-ramowa\/","title":{"rendered":"Umowa ramowa"},"content":{"rendered":"<p><strong>Umowa o warunkach i sposobie realizacji startegii rozwoju lokalnego kierowanego przez spo\u0142eczno\u015b\u0107 11.01.2024<\/strong><\/p>\n<ul>\n<li><a href=\"http:\/\/przyjaznadolinaraby.info\/nowaperspektywa\/wp-content\/uploads\/2024\/03\/umowa-nowy-okres-1.pdf\">Umowa o warunkach sposobie realizacji strategii rozwoju lokalnego kierowanego przez spo\u0142eczno\u015b\u0107 zawarta w dniu 11 stycznia 2024 r.<\/a><\/li>\n<li><a href=\"http:\/\/przyjaznadolinaraby.info\/nowaperspektywa\/wp-content\/uploads\/2024\/03\/LSR-Przyjazna-Dolina-Raby-i-Czarnej-Orawy-06.06.2023.pdf\">LSR &#8211; czerwiec 2023<\/a><\/li>\n<li><a href=\"http:\/\/przyjaznadolinaraby.info\/nowaperspektywa\/wp-content\/uploads\/2024\/03\/za._nr_2_Plan_komunikacji_z_lokaln_spoecznoci1-nowa-wersja.pdf\">Plan komunikacji z lokaln\u0105 spo\u0142eczno\u015bci\u0105<\/a><\/li>\n<\/ul>\n<p><strong>Aneks nr 1 &#8211; 01.03.2024<\/strong><\/p>\n<ul>\n<li><a href=\"https:\/\/przyjaznadolinaraby.info\/nowaperspektywa\/wp-content\/uploads\/2024\/05\/SKMBT_C22024052709530.pdf\">Aneks nr 1<\/a><\/li>\n<\/ul>\n<p><strong>Aneks nr 2 &#8211; 26.07.2024<\/strong><\/p>\n<ul>\n<li><a href=\"https:\/\/przyjaznadolinaraby.info\/nowaperspektywa\/wp-content\/uploads\/2024\/07\/aneks-nr-2.pdf\">Aneks nr 2<\/a><\/li>\n<\/ul>\n<ul>\n<li><a href=\"https:\/\/przyjaznadolinaraby.info\/nowaperspektywa\/wp-content\/uploads\/2024\/05\/LSR-Przyjazna-Dolina-Raby-i-Czarnej-Orawy-zmiany-maj-2024.pdf\">LSR &#8211; maj 2024<\/a><\/li>\n<li><a href=\"https:\/\/przyjaznadolinaraby.info\/nowaperspektywa\/wp-content\/uploads\/2024\/07\/za._nr_2_Plan_komunikacji_z_lokaln_spoecznoci-aktualizacja-czerwiec-2024.pdf\">Plan komunikacji z lokaln\u0105 spo\u0142eczno\u015bci\u0105 26.06.2024<\/a><\/li>\n<\/ul>\n<p><strong>Aneks nr 3 &#8211; 18.03.2025<\/strong><\/p>\n<ul>\n<li><a href=\"https:\/\/przyjaznadolinaraby.info\/nowaperspektywa\/wp-content\/uploads\/2025\/03\/przekazanie_aneksu_nr_3.pdf\">Aneks nr 3<\/a><\/li>\n<\/ul>\n<ul>\n<li><a href=\"https:\/\/przyjaznadolinaraby.info\/nowaperspektywa\/wp-content\/uploads\/2025\/03\/LSR_do_aneksu_nr_3.pdf\">LSR &#8211; luty 2025<\/a><\/li>\n<\/ul>\n<p><strong>Aneks nr 4 &#8211; 04.12.2025<\/strong><\/p>\n<ul>\n<li><a href=\"https:\/\/przyjaznadolinaraby.info\/nowaperspektywa\/wp-content\/uploads\/2025\/12\/Aneks_nr_4_do_umowy_ramowej.pdf\">Aneks nr 4 <\/a><\/li>\n<\/ul>\n<ul>\n<li><a href=\"https:\/\/przyjaznadolinaraby.info\/nowaperspektywa\/wp-content\/uploads\/2025\/12\/Zalacznik_do_aneksu_nr_4_do_umowy_ramowej.pdf\">LSR &#8211; grudzie\u0144 2025<\/a><\/li>\n<\/ul>\n<p>&nbsp;<\/p>\n<p><strong>Aneks nr 5 &#8211; 28.01.2026<\/strong><\/p>\n<ul>\n<li><a href=\"https:\/\/przyjaznadolinaraby.info\/nowaperspektywa\/wp-content\/uploads\/2026\/01\/ANEKS_nr_5_zmiana_LSR.pdf\">Aneks nr 5<\/a><\/li>\n<li><a href=\"https:\/\/przyjaznadolinaraby.info\/nowaperspektywa\/wp-content\/uploads\/2026\/01\/LSR_do_aneksu_nr_5.pdf\">LSR &#8211; stycze\u0144 2026<\/a><\/li>\n<\/ul>\n","protected":false},"excerpt":{"rendered":"<p>Umowa o warunkach i sposobie realizacji startegii rozwoju lokalnego kierowanego przez spo\u0142eczno\u015b\u0107 11.01.2024 Umowa o warunkach sposobie realizacji strategii rozwoju lokalnego kierowanego przez spo\u0142eczno\u015b\u0107 zawarta w dniu 11 stycznia 2024 r. LSR &#8211; czerwiec 2023 Plan komunikacji z lokaln\u0105 spo\u0142eczno\u015bci\u0105 Aneks nr 1 &#8211; 01.03.2024 Aneks nr 1 Aneks nr 2 &#8211; 26.07.2024 Aneks nr <a href=\"https:\/\/przyjaznadolinaraby.info\/nowaperspektywa\/umowa-ramowa\/\" class=\"more-link\">&#8230;<span class=\"screen-reader-text\">  Umowa ramowa<\/span><\/a><\/p>\n","protected":false},"author":6,"featured_media":0,"parent":0,"menu_order":8,"comment_status":"closed","ping_status":"closed","template":"","meta":{"_monsterinsights_skip_tracking":false,"_monsterinsights_sitenote_active":false,"_monsterinsights_sitenote_note":"","_monsterinsights_sitenote_category":0,"footnotes":""},"tags":[],"acf":[],"_links":{"self":[{"href":"https:\/\/przyjaznadolinaraby.info\/nowaperspektywa\/wp-json\/wp\/v2\/pages\/63"}],"collection":[{"href":"https:\/\/przyjaznadolinaraby.info\/nowaperspektywa\/wp-json\/wp\/v2\/pages"}],"about":[{"href":"https:\/\/przyjaznadolinaraby.info\/nowaperspektywa\/wp-json\/wp\/v2\/types\/page"}],"author":[{"embeddable":true,"href":"https:\/\/przyjaznadolinaraby.info\/nowaperspektywa\/wp-json\/wp\/v2\/users\/6"}],"replies":[{"embeddable":true,"href":"https:\/\/przyjaznadolinaraby.info\/nowaperspektywa\/wp-json\/wp\/v2\/comments?post=63"}],"version-history":[{"count":16,"href":"https:\/\/przyjaznadolinaraby.info\/nowaperspektywa\/wp-json\/wp\/v2\/pages\/63\/revisions"}],"predecessor-version":[{"id":12755,"href":"https:\/\/przyjaznadolinaraby.info\/nowaperspektywa\/wp-json\/wp\/v2\/pages\/63\/revisions\/12755"}],"wp:attachment":[{"href":"https:\/\/przyjaznadolinaraby.info\/nowaperspektywa\/wp-json\/wp\/v2\/media?parent=63"}],"wp:term":[{"taxonomy":"post_tag","embeddable":true,"href":"https:\/\/przyjaznadolinaraby.info\/nowaperspektywa\/wp-json\/wp\/v2\/tags?post=63"}],"curies":[{"name":"wp","href":"https:\/\/api.w.org\/{rel}","templated":true}]}}