{"id":75,"date":"2016-07-19T13:17:21","date_gmt":"2016-07-19T11:17:21","guid":{"rendered":"http:\/\/przyjaznadolinaraby.info\/nowaperspektywa\/?page_id=75"},"modified":"2025-04-29T15:20:14","modified_gmt":"2025-04-29T13:20:14","slug":"lista-czlonkow","status":"publish","type":"page","link":"https:\/\/przyjaznadolinaraby.info\/nowaperspektywa\/lista-czlonkow\/","title":{"rendered":"Lista cz\u0142onk\u00f3w"},"content":{"rendered":"<p><a href=\"https:\/\/przyjaznadolinaraby.info\/nowaperspektywa\/wp-content\/uploads\/2025\/04\/Lista-czlonkow-kwiecien-2025.pdf\"><span style=\"text-decoration: underline;\">Tu pobierzesz list\u0119 cz\u0142onk\u00f3w (ostatnia aktualizacja kwiecie\u0144 2025<\/span><\/a>)<\/p>\n<p>&nbsp;<\/p>\n<p>&nbsp;<\/p>\n<p>Zapraszamy wszystkich, kt\u00f3rzy chc\u0105 aktywnie dzia\u0142a\u0107 na rzecz rozwoju naszego regionu, do do\u0142\u0105czenia do naszego stowarzyszenia!<\/p>\n<p>W poni\u017cszym linku znajd\u0105 Pa\u0144stwo deklaracje cz\u0142onkowskie \u2013 do\u0142\u0105czcie do nas i wsp\u00f3lnie tw\u00f3rzmy lepsz\u0105 przysz\u0142o\u015b\u0107 dla naszej spo\u0142eczno\u015bci. Razem mo\u017cemy wi\u0119cej!<\/p>\n<p><a href=\"https:\/\/przyjaznadolinaraby.info\/nowaperspektywa\/czlonkostwo-w-lgd\/\">Cz\u0142onkostwo w LGD | Stowarzyszenie Przyjazna Dolina Raby i Czarnej Orawy<\/a><\/p>\n<p>&nbsp;<\/p>\n<p>&nbsp;<\/p>\n","protected":false},"excerpt":{"rendered":"<p>Tu pobierzesz list\u0119 cz\u0142onk\u00f3w (ostatnia aktualizacja kwiecie\u0144 2025) &nbsp; &nbsp; Zapraszamy wszystkich, kt\u00f3rzy chc\u0105 aktywnie dzia\u0142a\u0107 na rzecz rozwoju naszego regionu, do do\u0142\u0105czenia do naszego stowarzyszenia! W poni\u017cszym linku znajd\u0105 Pa\u0144stwo deklaracje cz\u0142onkowskie \u2013 do\u0142\u0105czcie do nas i wsp\u00f3lnie tw\u00f3rzmy lepsz\u0105 przysz\u0142o\u015b\u0107 dla naszej spo\u0142eczno\u015bci. Razem mo\u017cemy wi\u0119cej! Cz\u0142onkostwo w LGD | Stowarzyszenie Przyjazna Dolina <a href=\"https:\/\/przyjaznadolinaraby.info\/nowaperspektywa\/lista-czlonkow\/\" class=\"more-link\">&#8230;<span class=\"screen-reader-text\">  Lista cz\u0142onk\u00f3w<\/span><\/a><\/p>\n","protected":false},"author":6,"featured_media":0,"parent":0,"menu_order":5,"comment_status":"closed","ping_status":"closed","template":"","meta":{"_monsterinsights_skip_tracking":false,"_monsterinsights_sitenote_active":false,"_monsterinsights_sitenote_note":"","_monsterinsights_sitenote_category":0,"footnotes":""},"tags":[],"acf":[],"_links":{"self":[{"href":"https:\/\/przyjaznadolinaraby.info\/nowaperspektywa\/wp-json\/wp\/v2\/pages\/75"}],"collection":[{"href":"https:\/\/przyjaznadolinaraby.info\/nowaperspektywa\/wp-json\/wp\/v2\/pages"}],"about":[{"href":"https:\/\/przyjaznadolinaraby.info\/nowaperspektywa\/wp-json\/wp\/v2\/types\/page"}],"author":[{"embeddable":true,"href":"https:\/\/przyjaznadolinaraby.info\/nowaperspektywa\/wp-json\/wp\/v2\/users\/6"}],"replies":[{"embeddable":true,"href":"https:\/\/przyjaznadolinaraby.info\/nowaperspektywa\/wp-json\/wp\/v2\/comments?post=75"}],"version-history":[{"count":24,"href":"https:\/\/przyjaznadolinaraby.info\/nowaperspektywa\/wp-json\/wp\/v2\/pages\/75\/revisions"}],"predecessor-version":[{"id":11788,"href":"https:\/\/przyjaznadolinaraby.info\/nowaperspektywa\/wp-json\/wp\/v2\/pages\/75\/revisions\/11788"}],"wp:attachment":[{"href":"https:\/\/przyjaznadolinaraby.info\/nowaperspektywa\/wp-json\/wp\/v2\/media?parent=75"}],"wp:term":[{"taxonomy":"post_tag","embeddable":true,"href":"https:\/\/przyjaznadolinaraby.info\/nowaperspektywa\/wp-json\/wp\/v2\/tags?post=75"}],"curies":[{"name":"wp","href":"https:\/\/api.w.org\/{rel}","templated":true}]}}