{"id":9347,"date":"2022-07-13T12:45:47","date_gmt":"2022-07-13T10:45:47","guid":{"rendered":"http:\/\/przyjaznadolinaraby.info\/nowaperspektywa\/?page_id=9347"},"modified":"2024-03-14T10:35:22","modified_gmt":"2024-03-14T09:35:22","slug":"rekrutacja-uczestnikow","status":"publish","type":"page","link":"https:\/\/przyjaznadolinaraby.info\/nowaperspektywa\/rekrutacja-uczestnikow\/","title":{"rendered":"Rekrutacja uczestnik\u00f3w"},"content":{"rendered":"<p>Rekrutacja uczestnik\u00f3w do Plac\u00f3wki Wsparcia Dziennego w Piekielniku zosta\u0142a zako\u0144czona.<\/p>\n<p><img decoding=\"async\" src=\"http:\/\/www.nadbialaprzemsza.org.pl\/images\/pasek_logo_RPO.jpg\" alt=\"\" \/><\/p>\n<p><img decoding=\"async\" class=\"alignnone size-full wp-image-10656\" src=\"http:\/\/przyjaznadolinaraby.info\/nowaperspektywa\/wp-content\/uploads\/2022\/08\/EFRR_kolor-300dpi.jpg\" alt=\"\" width=\"2371\" height=\"209\" srcset=\"https:\/\/przyjaznadolinaraby.info\/nowaperspektywa\/wp-content\/uploads\/2022\/08\/EFRR_kolor-300dpi.jpg 2371w, https:\/\/przyjaznadolinaraby.info\/nowaperspektywa\/wp-content\/uploads\/2022\/08\/EFRR_kolor-300dpi-300x26.jpg 300w, https:\/\/przyjaznadolinaraby.info\/nowaperspektywa\/wp-content\/uploads\/2022\/08\/EFRR_kolor-300dpi-1024x90.jpg 1024w\" sizes=\"(max-width: 2371px) 100vw, 2371px\" \/><\/p>\n","protected":false},"excerpt":{"rendered":"<p>Rekrutacja uczestnik\u00f3w do Plac\u00f3wki Wsparcia Dziennego w Piekielniku zosta\u0142a zako\u0144czona.<\/p>\n","protected":false},"author":6,"featured_media":0,"parent":0,"menu_order":0,"comment_status":"closed","ping_status":"closed","template":"","meta":{"_monsterinsights_skip_tracking":false,"_monsterinsights_sitenote_active":false,"_monsterinsights_sitenote_note":"","_monsterinsights_sitenote_category":0,"footnotes":""},"tags":[],"acf":[],"_links":{"self":[{"href":"https:\/\/przyjaznadolinaraby.info\/nowaperspektywa\/wp-json\/wp\/v2\/pages\/9347"}],"collection":[{"href":"https:\/\/przyjaznadolinaraby.info\/nowaperspektywa\/wp-json\/wp\/v2\/pages"}],"about":[{"href":"https:\/\/przyjaznadolinaraby.info\/nowaperspektywa\/wp-json\/wp\/v2\/types\/page"}],"author":[{"embeddable":true,"href":"https:\/\/przyjaznadolinaraby.info\/nowaperspektywa\/wp-json\/wp\/v2\/users\/6"}],"replies":[{"embeddable":true,"href":"https:\/\/przyjaznadolinaraby.info\/nowaperspektywa\/wp-json\/wp\/v2\/comments?post=9347"}],"version-history":[{"count":6,"href":"https:\/\/przyjaznadolinaraby.info\/nowaperspektywa\/wp-json\/wp\/v2\/pages\/9347\/revisions"}],"predecessor-version":[{"id":11244,"href":"https:\/\/przyjaznadolinaraby.info\/nowaperspektywa\/wp-json\/wp\/v2\/pages\/9347\/revisions\/11244"}],"wp:attachment":[{"href":"https:\/\/przyjaznadolinaraby.info\/nowaperspektywa\/wp-json\/wp\/v2\/media?parent=9347"}],"wp:term":[{"taxonomy":"post_tag","embeddable":true,"href":"https:\/\/przyjaznadolinaraby.info\/nowaperspektywa\/wp-json\/wp\/v2\/tags?post=9347"}],"curies":[{"name":"wp","href":"https:\/\/api.w.org\/{rel}","templated":true}]}}